{"version":"1.0","provider_name":"    Colette Arts et Mati\u00e8res. ","provider_url":"https:\/\/coletteartsetmatieres.com","author_name":"admin1002","author_url":"https:\/\/coletteartsetmatieres.com\/index.php\/author\/admin1002\/","title":"D\u00e9coration - Colette Arts et Mati\u00e8res.","type":"rich","width":600,"height":338,"html":"<blockquote class=\"wp-embedded-content\" data-secret=\"DNP1hnyQVx\"><a href=\"https:\/\/coletteartsetmatieres.com\/index.php\/les-sculptures-2\/\">D\u00e9coration<\/a><\/blockquote><iframe sandbox=\"allow-scripts\" security=\"restricted\" src=\"https:\/\/coletteartsetmatieres.com\/index.php\/les-sculptures-2\/embed\/#?secret=DNP1hnyQVx\" width=\"600\" height=\"338\" title=\"\u00ab\u00a0D\u00e9coration\u00a0\u00bb &#8212;     Colette Arts et Mati\u00e8res. \" data-secret=\"DNP1hnyQVx\" frameborder=\"0\" marginwidth=\"0\" marginheight=\"0\" scrolling=\"no\" class=\"wp-embedded-content\"><\/iframe><script>\n\/*! This file is auto-generated *\/\n!function(d,l){\"use strict\";l.querySelector&&d.addEventListener&&\"undefined\"!=typeof URL&&(d.wp=d.wp||{},d.wp.receiveEmbedMessage||(d.wp.receiveEmbedMessage=function(e){var t=e.data;if((t||t.secret||t.message||t.value)&&!\/[^a-zA-Z0-9]\/.test(t.secret)){for(var s,r,n,a=l.querySelectorAll('iframe[data-secret=\"'+t.secret+'\"]'),o=l.querySelectorAll('blockquote[data-secret=\"'+t.secret+'\"]'),c=new RegExp(\"^https?:$\",\"i\"),i=0;i<o.length;i++)o[i].style.display=\"none\";for(i=0;i<a.length;i++)s=a[i],e.source===s.contentWindow&&(s.removeAttribute(\"style\"),\"height\"===t.message?(1e3<(r=parseInt(t.value,10))?r=1e3:~~r<200&&(r=200),s.height=r):\"link\"===t.message&&(r=new URL(s.getAttribute(\"src\")),n=new URL(t.value),c.test(n.protocol))&&n.host===r.host&&l.activeElement===s&&(d.top.location.href=t.value))}},d.addEventListener(\"message\",d.wp.receiveEmbedMessage,!1),l.addEventListener(\"DOMContentLoaded\",function(){for(var e,t,s=l.querySelectorAll(\"iframe.wp-embedded-content\"),r=0;r<s.length;r++)(t=(e=s[r]).getAttribute(\"data-secret\"))||(t=Math.random().toString(36).substring(2,12),e.src+=\"#?secret=\"+t,e.setAttribute(\"data-secret\",t)),e.contentWindow.postMessage({message:\"ready\",secret:t},\"*\")},!1)))}(window,document);\n<\/script>\n","description":"Une d\u00e9co \u00e0 votre image; Pour votre salon ou autre pi\u00e8ce \u00e0 vivre: v\u00e9g\u00e9tale, min\u00e9rale ou autre \u00e9l\u00e9ment f\u00e9tiche; arborez votre environnement avec des formes \u00e9l\u00e9gantes, symboliques et artistiques. Professionnels; Une fa\u00e7on de se d\u00e9marquer, attirer le regard dans vos vitrines, ajouter une valeur culturelle pour mieux partager votre Accueil, en toute bienveillance. V\u00e9g\u00e9tales ou &hellip; Continuer la lecture de &laquo;&nbsp;&nbsp;&raquo;"}

Colette Arts et Matières.

Décoration - Colette Arts et Matières.

<blockquote class="wp-embedded-content" data-secret="DNP1hnyQVx"><a href="https://coletteartsetmatieres.com/index.php/les-sculptures-2/">Décoration</a></blockquote><iframe sandbox="allow-scripts" security="restricted" src="https://coletteartsetmatieres.com/index.php/les-sculptures-2/embed/#?secret=DNP1hnyQVx" width="600" height="338" title="« Décoration » &#8212;     Colette Arts et Matières. " data-secret="DNP1hnyQVx" frameborder="0" marginwidth="0" marginheight="0" scrolling="no" class="wp-embedded-content"></iframe><script>
/*! This file is auto-generated */
!function(d,l){"use strict";l.querySelector&&d.addEventListener&&"undefined"!=typeof URL&&(d.wp=d.wp||{},d.wp.receiveEmbedMessage||(d.wp.receiveEmbedMessage=function(e){var t=e.data;if((t||t.secret||t.message||t.value)&&!/[^a-zA-Z0-9]/.test(t.secret)){for(var s,r,n,a=l.querySelectorAll('iframe[data-secret="'+t.secret+'"]'),o=l.querySelectorAll('blockquote[data-secret="'+t.secret+'"]'),c=new RegExp("^https?:$","i"),i=0;i<o.length;i++)o[i].style.display="none";for(i=0;i<a.length;i++)s=a[i],e.source===s.contentWindow&&(s.removeAttribute("style"),"height"===t.message?(1e3<(r=parseInt(t.value,10))?r=1e3:~~r<200&&(r=200),s.height=r):"link"===t.message&&(r=new URL(s.getAttribute("src")),n=new URL(t.value),c.test(n.protocol))&&n.host===r.host&&l.activeElement===s&&(d.top.location.href=t.value))}},d.addEventListener("message",d.wp.receiveEmbedMessage,!1),l.addEventListener("DOMContentLoaded",function(){for(var e,t,s=l.querySelectorAll("iframe.wp-embedded-content"),r=0;r<s.length;r++)(t=(e=s[r]).getAttribute("data-secret"))||(t=Math.random().toString(36).substring(2,12),e.src+="#?secret="+t,e.setAttribute("data-secret",t)),e.contentWindow.postMessage({message:"ready",secret:t},"*")},!1)))}(window,document);
</script>

Une déco à votre image; Pour votre salon ou autre pièce à vivre: végétale, minérale ou autre élément fétiche; arborez votre environnement avec des formes élégantes, symboliques et artistiques. Professionnels; Une façon de se démarquer, attirer le regard dans vos vitrines, ajouter une valeur culturelle pour mieux partager votre Accueil, en toute bienveillance. Végétales ou &hellip; Continuer la lecture de &laquo;&nbsp;&nbsp;&raquo;
