{"id":1809,"date":"2022-07-18T16:41:33","date_gmt":"2022-07-18T14:41:33","guid":{"rendered":"https:\/\/coletteartsetmatieres.com\/?page_id=1809"},"modified":"2022-07-18T17:58:43","modified_gmt":"2022-07-18T15:58:43","slug":"exemple-restaurant-la-suite","status":"publish","type":"page","link":"https:\/\/coletteartsetmatieres.com\/index.php\/murmur-et-brindilles\/exemple-restaurant-la-suite\/","title":{"rendered":"d\u00e9cor restaurant : # La Suite2"},"content":{"rendered":"\n<h1 class=\"wp-block-heading\">D\u00e9cor restaurant: # La Suite<\/h1>\n\n\n\n<div class=\"wp-block-group is-layout-flow wp-block-group-is-layout-flow\"><div class=\"wp-block-group__inner-container\">\n<h2 class=\"wp-block-heading\">Esprit jardin pour ce restaurant.<br>Claustra pour s\u00e9parer la salle du comptoir<br>Jardin vertical en mousses stabilis\u00e9es<br>Arbre reconstitu\u00e9 en bois flott\u00e9 pour apporter volume dans l&rsquo;espace<br>Logo en lichen vert<\/h2>\n<\/div><\/div>\n\n\n<div class=\"foogallery foogallery-container foogallery-default foogallery-lightbox-foobox fg-gutter-10 fg-center fg-default fg-light fg-border-thin fg-shadow-outline fg-loading-default fg-loaded-fade-in fg-caption-hover fg-hover-fade fg-hover-zoom fg-ready\" id=\"foogallery-gallery-1808\" data-foogallery=\"{&quot;item&quot;:{&quot;showCaptionTitle&quot;:true,&quot;showCaptionDescription&quot;:true},&quot;lazy&quot;:true,&quot;src&quot;:&quot;data-src-fg&quot;,&quot;srcset&quot;:&quot;data-srcset-fg&quot;}\" data-fg-common-fields=\"1\" >\r\n\t<div class=\"fg-item\"><figure class=\"fg-item-inner\"><a href=\"https:\/\/coletteartsetmatieres.com\/wp-content\/uploads\/2022\/07\/claustra-pour-site.jpg\" data-attachment-id=\"1806\" class=\"fg-thumb\"><span class=\"fg-image-wrap\"><img width=\"150\" height=\"150\" data-src-fg=\"https:\/\/coletteartsetmatieres.com\/wp-content\/uploads\/cache\/2022\/07\/claustra-pour-site\/1064766474.jpg\" class=\"fg-image\" \/><\/span><\/a><figcaption class=\"fg-caption\"><div class=\"fg-caption-inner\"><\/div><\/figcaption><\/figure><div class=\"fg-loader\"><\/div><\/div><div class=\"fg-item\"><figure class=\"fg-item-inner\"><a href=\"https:\/\/coletteartsetmatieres.com\/wp-content\/uploads\/2022\/07\/arbre-site2.jpg\" data-attachment-id=\"1805\" class=\"fg-thumb\"><span class=\"fg-image-wrap\"><img width=\"150\" height=\"150\" data-src-fg=\"https:\/\/coletteartsetmatieres.com\/wp-content\/uploads\/cache\/2022\/07\/arbre-site2\/2382966594.jpg\" class=\"fg-image\" \/><\/span><\/a><figcaption class=\"fg-caption\"><div class=\"fg-caption-inner\"><\/div><\/figcaption><\/figure><div class=\"fg-loader\"><\/div><\/div><div class=\"fg-item\"><figure class=\"fg-item-inner\"><a href=\"https:\/\/coletteartsetmatieres.com\/wp-content\/uploads\/2022\/07\/293554632_119399680807272_5697051957241276999_n.jpg\" data-attachment-id=\"1803\" class=\"fg-thumb\"><span class=\"fg-image-wrap\"><img width=\"150\" height=\"150\" data-src-fg=\"https:\/\/coletteartsetmatieres.com\/wp-content\/uploads\/cache\/2022\/07\/293554632_119399680807272_5697051957241276999_n\/3515359097.jpg\" class=\"fg-image\" \/><\/span><\/a><figcaption class=\"fg-caption\"><div class=\"fg-caption-inner\"><\/div><\/figcaption><\/figure><div class=\"fg-loader\"><\/div><\/div><div class=\"fg-item\"><figure class=\"fg-item-inner\"><a href=\"https:\/\/coletteartsetmatieres.com\/wp-content\/uploads\/2022\/07\/20220714_1003183-scaled.jpg\" data-attachment-id=\"1802\" class=\"fg-thumb\"><span class=\"fg-image-wrap\"><img width=\"150\" height=\"150\" data-src-fg=\"https:\/\/coletteartsetmatieres.com\/wp-content\/uploads\/cache\/2022\/07\/20220714_1003183-scaled\/2482399063.jpg\" class=\"fg-image\" \/><\/span><\/a><figcaption class=\"fg-caption\"><div class=\"fg-caption-inner\"><\/div><\/figcaption><\/figure><div class=\"fg-loader\"><\/div><\/div><div class=\"fg-item\"><figure class=\"fg-item-inner\"><a href=\"https:\/\/coletteartsetmatieres.com\/wp-content\/uploads\/2022\/07\/20220714_1001344-scaled.jpg\" data-attachment-id=\"1801\" class=\"fg-thumb\"><span class=\"fg-image-wrap\"><img width=\"150\" height=\"150\" data-src-fg=\"https:\/\/coletteartsetmatieres.com\/wp-content\/uploads\/cache\/2022\/07\/20220714_1001344-scaled\/3942316858.jpg\" class=\"fg-image\" \/><\/span><\/a><figcaption class=\"fg-caption\"><div class=\"fg-caption-inner\"><\/div><\/figcaption><\/figure><div class=\"fg-loader\"><\/div><\/div><div class=\"fg-item\"><figure class=\"fg-item-inner\"><a href=\"https:\/\/coletteartsetmatieres.com\/wp-content\/uploads\/2022\/07\/20220704_144224-scaled.jpg\" data-attachment-id=\"1798\" class=\"fg-thumb\"><span class=\"fg-image-wrap\"><img width=\"150\" height=\"150\" data-src-fg=\"https:\/\/coletteartsetmatieres.com\/wp-content\/uploads\/cache\/2022\/07\/20220704_144224-scaled\/554116003.jpg\" class=\"fg-image\" \/><\/span><\/a><figcaption class=\"fg-caption\"><div class=\"fg-caption-inner\"><\/div><\/figcaption><\/figure><div class=\"fg-loader\"><\/div><\/div><\/div>\r\n<style type=\"text\/css\">deco  restaurant amboise esprit jardin nature claustra, logo, arbre reconstitu\u00e9, bois flott\u00e9<\/style>","protected":false},"excerpt":{"rendered":"<p>D\u00e9cor restaurant: # La Suite Esprit jardin pour ce restaurant.Claustra pour s\u00e9parer la salle du comptoirJardin vertical en mousses stabilis\u00e9esArbre reconstitu\u00e9 en bois flott\u00e9 pour apporter volume dans l&rsquo;espaceLogo en lichen vert<\/p>\n","protected":false},"author":1,"featured_media":1807,"parent":1642,"menu_order":2,"comment_status":"closed","ping_status":"closed","template":"","meta":{"footnotes":"","_vp_format_video_url":"","_vp_image_focal_point":[]},"yoast_head":"<!-- This site is optimized with the Yoast SEO plugin v19.8 - https:\/\/yoast.com\/wordpress\/plugins\/seo\/ -->\n<title>d\u00e9cor restaurant : # La Suite2 - Colette Arts et Mati\u00e8res.<\/title>\n<meta name=\"robots\" content=\"index, follow, max-snippet:-1, max-image-preview:large, max-video-preview:-1\" \/>\n<link rel=\"canonical\" href=\"https:\/\/coletteartsetmatieres.com\/index.php\/murmur-et-brindilles\/exemple-restaurant-la-suite\/\" \/>\n<meta property=\"og:locale\" content=\"fr_FR\" \/>\n<meta property=\"og:type\" content=\"article\" \/>\n<meta property=\"og:title\" content=\"d\u00e9cor restaurant : # La Suite2 - Colette Arts et Mati\u00e8res.\" \/>\n<meta property=\"og:description\" content=\"D\u00e9cor restaurant: # La Suite Esprit jardin pour ce restaurant.Claustra pour s\u00e9parer la salle du comptoirJardin vertical en mousses stabilis\u00e9esArbre reconstitu\u00e9 en bois flott\u00e9 pour apporter volume dans l&rsquo;espaceLogo en lichen vert\" \/>\n<meta property=\"og:url\" content=\"https:\/\/coletteartsetmatieres.com\/index.php\/murmur-et-brindilles\/exemple-restaurant-la-suite\/\" \/>\n<meta property=\"og:site_name\" content=\"Colette Arts et Mati\u00e8res.\" \/>\n<meta property=\"article:modified_time\" content=\"2022-07-18T15:58:43+00:00\" \/>\n<meta property=\"og:image\" content=\"https:\/\/coletteartsetmatieres.com\/wp-content\/uploads\/2022\/07\/restaurant-ensemble2-.jpg\" \/>\n\t<meta property=\"og:image:width\" content=\"940\" \/>\n\t<meta property=\"og:image:height\" content=\"788\" \/>\n\t<meta property=\"og:image:type\" content=\"image\/jpeg\" \/>\n<meta name=\"twitter:card\" content=\"summary_large_image\" \/>\n<script type=\"application\/ld+json\" class=\"yoast-schema-graph\">{\"@context\":\"https:\/\/schema.org\",\"@graph\":[{\"@type\":\"WebPage\",\"@id\":\"https:\/\/coletteartsetmatieres.com\/index.php\/murmur-et-brindilles\/exemple-restaurant-la-suite\/\",\"url\":\"https:\/\/coletteartsetmatieres.com\/index.php\/murmur-et-brindilles\/exemple-restaurant-la-suite\/\",\"name\":\"d\u00e9cor restaurant : # La Suite2 - Colette Arts et Mati\u00e8res.\",\"isPartOf\":{\"@id\":\"https:\/\/coletteartsetmatieres.com\/#website\"},\"datePublished\":\"2022-07-18T14:41:33+00:00\",\"dateModified\":\"2022-07-18T15:58:43+00:00\",\"breadcrumb\":{\"@id\":\"https:\/\/coletteartsetmatieres.com\/index.php\/murmur-et-brindilles\/exemple-restaurant-la-suite\/#breadcrumb\"},\"inLanguage\":\"fr-FR\",\"potentialAction\":[{\"@type\":\"ReadAction\",\"target\":[\"https:\/\/coletteartsetmatieres.com\/index.php\/murmur-et-brindilles\/exemple-restaurant-la-suite\/\"]}]},{\"@type\":\"BreadcrumbList\",\"@id\":\"https:\/\/coletteartsetmatieres.com\/index.php\/murmur-et-brindilles\/exemple-restaurant-la-suite\/#breadcrumb\",\"itemListElement\":[{\"@type\":\"ListItem\",\"position\":1,\"name\":\"Accueil\",\"item\":\"https:\/\/coletteartsetmatieres.com\/\"},{\"@type\":\"ListItem\",\"position\":2,\"name\":\"MurMur et Brindilles\",\"item\":\"https:\/\/coletteartsetmatieres.com\/index.php\/murmur-et-brindilles\/\"},{\"@type\":\"ListItem\",\"position\":3,\"name\":\"d\u00e9cor restaurant : # La Suite2\"}]},{\"@type\":\"WebSite\",\"@id\":\"https:\/\/coletteartsetmatieres.com\/#website\",\"url\":\"https:\/\/coletteartsetmatieres.com\/\",\"name\":\"Colette Arts et Mati\u00e8res.\",\"description\":\"   L&#039;Art du V\u00e9g\u00e9tal et de la Fleur stables et durables\",\"publisher\":{\"@id\":\"https:\/\/coletteartsetmatieres.com\/#organization\"},\"potentialAction\":[{\"@type\":\"SearchAction\",\"target\":{\"@type\":\"EntryPoint\",\"urlTemplate\":\"https:\/\/coletteartsetmatieres.com\/?s={search_term_string}\"},\"query-input\":\"required name=search_term_string\"}],\"inLanguage\":\"fr-FR\"},{\"@type\":\"Organization\",\"@id\":\"https:\/\/coletteartsetmatieres.com\/#organization\",\"name\":\"Colette Arts et Mati\u00e8res.\",\"url\":\"https:\/\/coletteartsetmatieres.com\/\",\"sameAs\":[],\"logo\":{\"@type\":\"ImageObject\",\"inLanguage\":\"fr-FR\",\"@id\":\"https:\/\/coletteartsetmatieres.com\/#\/schema\/logo\/image\/\",\"url\":\"https:\/\/coletteartsetmatieres.com\/wp-content\/uploads\/2020\/03\/cropped-Coletteartsetmatieres_logotype-2.png\",\"contentUrl\":\"https:\/\/coletteartsetmatieres.com\/wp-content\/uploads\/2020\/03\/cropped-Coletteartsetmatieres_logotype-2.png\",\"width\":409,\"height\":250,\"caption\":\"    Colette Arts et Mati\u00e8res. \"},\"image\":{\"@id\":\"https:\/\/coletteartsetmatieres.com\/#\/schema\/logo\/image\/\"}}]}<\/script>\n<!-- \/ Yoast SEO plugin. -->","yoast_head_json":{"title":"d\u00e9cor restaurant : # La Suite2 - Colette Arts et Mati\u00e8res.","robots":{"index":"index","follow":"follow","max-snippet":"max-snippet:-1","max-image-preview":"max-image-preview:large","max-video-preview":"max-video-preview:-1"},"canonical":"https:\/\/coletteartsetmatieres.com\/index.php\/murmur-et-brindilles\/exemple-restaurant-la-suite\/","og_locale":"fr_FR","og_type":"article","og_title":"d\u00e9cor restaurant : # La Suite2 - Colette Arts et Mati\u00e8res.","og_description":"D\u00e9cor restaurant: # La Suite Esprit jardin pour ce restaurant.Claustra pour s\u00e9parer la salle du comptoirJardin vertical en mousses stabilis\u00e9esArbre reconstitu\u00e9 en bois flott\u00e9 pour apporter volume dans l&rsquo;espaceLogo en lichen vert","og_url":"https:\/\/coletteartsetmatieres.com\/index.php\/murmur-et-brindilles\/exemple-restaurant-la-suite\/","og_site_name":"Colette Arts et Mati\u00e8res.","article_modified_time":"2022-07-18T15:58:43+00:00","og_image":[{"width":940,"height":788,"url":"https:\/\/coletteartsetmatieres.com\/wp-content\/uploads\/2022\/07\/restaurant-ensemble2-.jpg","type":"image\/jpeg"}],"twitter_card":"summary_large_image","schema":{"@context":"https:\/\/schema.org","@graph":[{"@type":"WebPage","@id":"https:\/\/coletteartsetmatieres.com\/index.php\/murmur-et-brindilles\/exemple-restaurant-la-suite\/","url":"https:\/\/coletteartsetmatieres.com\/index.php\/murmur-et-brindilles\/exemple-restaurant-la-suite\/","name":"d\u00e9cor restaurant : # La Suite2 - Colette Arts et Mati\u00e8res.","isPartOf":{"@id":"https:\/\/coletteartsetmatieres.com\/#website"},"datePublished":"2022-07-18T14:41:33+00:00","dateModified":"2022-07-18T15:58:43+00:00","breadcrumb":{"@id":"https:\/\/coletteartsetmatieres.com\/index.php\/murmur-et-brindilles\/exemple-restaurant-la-suite\/#breadcrumb"},"inLanguage":"fr-FR","potentialAction":[{"@type":"ReadAction","target":["https:\/\/coletteartsetmatieres.com\/index.php\/murmur-et-brindilles\/exemple-restaurant-la-suite\/"]}]},{"@type":"BreadcrumbList","@id":"https:\/\/coletteartsetmatieres.com\/index.php\/murmur-et-brindilles\/exemple-restaurant-la-suite\/#breadcrumb","itemListElement":[{"@type":"ListItem","position":1,"name":"Accueil","item":"https:\/\/coletteartsetmatieres.com\/"},{"@type":"ListItem","position":2,"name":"MurMur et Brindilles","item":"https:\/\/coletteartsetmatieres.com\/index.php\/murmur-et-brindilles\/"},{"@type":"ListItem","position":3,"name":"d\u00e9cor restaurant : # La Suite2"}]},{"@type":"WebSite","@id":"https:\/\/coletteartsetmatieres.com\/#website","url":"https:\/\/coletteartsetmatieres.com\/","name":"Colette Arts et Mati\u00e8res.","description":"   L&#039;Art du V\u00e9g\u00e9tal et de la Fleur stables et durables","publisher":{"@id":"https:\/\/coletteartsetmatieres.com\/#organization"},"potentialAction":[{"@type":"SearchAction","target":{"@type":"EntryPoint","urlTemplate":"https:\/\/coletteartsetmatieres.com\/?s={search_term_string}"},"query-input":"required name=search_term_string"}],"inLanguage":"fr-FR"},{"@type":"Organization","@id":"https:\/\/coletteartsetmatieres.com\/#organization","name":"Colette Arts et Mati\u00e8res.","url":"https:\/\/coletteartsetmatieres.com\/","sameAs":[],"logo":{"@type":"ImageObject","inLanguage":"fr-FR","@id":"https:\/\/coletteartsetmatieres.com\/#\/schema\/logo\/image\/","url":"https:\/\/coletteartsetmatieres.com\/wp-content\/uploads\/2020\/03\/cropped-Coletteartsetmatieres_logotype-2.png","contentUrl":"https:\/\/coletteartsetmatieres.com\/wp-content\/uploads\/2020\/03\/cropped-Coletteartsetmatieres_logotype-2.png","width":409,"height":250,"caption":"    Colette Arts et Mati\u00e8res. "},"image":{"@id":"https:\/\/coletteartsetmatieres.com\/#\/schema\/logo\/image\/"}}]}},"_links":{"self":[{"href":"https:\/\/coletteartsetmatieres.com\/index.php\/wp-json\/wp\/v2\/pages\/1809"}],"collection":[{"href":"https:\/\/coletteartsetmatieres.com\/index.php\/wp-json\/wp\/v2\/pages"}],"about":[{"href":"https:\/\/coletteartsetmatieres.com\/index.php\/wp-json\/wp\/v2\/types\/page"}],"author":[{"embeddable":true,"href":"https:\/\/coletteartsetmatieres.com\/index.php\/wp-json\/wp\/v2\/users\/1"}],"replies":[{"embeddable":true,"href":"https:\/\/coletteartsetmatieres.com\/index.php\/wp-json\/wp\/v2\/comments?post=1809"}],"version-history":[{"count":3,"href":"https:\/\/coletteartsetmatieres.com\/index.php\/wp-json\/wp\/v2\/pages\/1809\/revisions"}],"predecessor-version":[{"id":1830,"href":"https:\/\/coletteartsetmatieres.com\/index.php\/wp-json\/wp\/v2\/pages\/1809\/revisions\/1830"}],"up":[{"embeddable":true,"href":"https:\/\/coletteartsetmatieres.com\/index.php\/wp-json\/wp\/v2\/pages\/1642"}],"wp:featuredmedia":[{"embeddable":true,"href":"https:\/\/coletteartsetmatieres.com\/index.php\/wp-json\/wp\/v2\/media\/1807"}],"wp:attachment":[{"href":"https:\/\/coletteartsetmatieres.com\/index.php\/wp-json\/wp\/v2\/media?parent=1809"}],"curies":[{"name":"wp","href":"https:\/\/api.w.org\/{rel}","templated":true}]}}