{"id":905,"date":"2022-04-21T10:42:23","date_gmt":"2022-04-21T08:42:23","guid":{"rendered":"https:\/\/coletteartsetmatieres.com\/?page_id=905"},"modified":"2022-05-20T15:16:22","modified_gmt":"2022-05-20T13:16:22","slug":"lineaire","status":"publish","type":"page","link":"https:\/\/coletteartsetmatieres.com\/index.php\/lineaire\/","title":{"rendered":"Lin\u00e9aire"},"content":{"rendered":"\n<h2 class=\"has-medium-font-size wp-block-heading\">Group\u00e9es en masse, les fleurs forment le point focal de l&rsquo;ensemble sur la ligne directrice des tiges.<\/h2>\n\n\n\n<h2 class=\"has-medium-font-size wp-block-heading\">Choisissez votre taille, vos couleurs et vos fleurs pour composer ce style de bouquet \u00e9l\u00e9gant, durable et sans entretien plusieurs ann\u00e9es. Il saura garnir un vase.. puis un autre, dans votre salon ou votre cuisine&#8230; selon vos envies <\/h2>\n\n\n<div data-block-name=\"woocommerce\/product-category\" data-categories=\"[43]\" class=\"wc-block-grid wp-block-product-category wc-block-product-category has-3-columns has-multiple-rows\"><ul class=\"wc-block-grid__products\"><li class=\"wc-block-grid__product\">\n\t\t\t\t<a href=\"https:\/\/coletteartsetmatieres.com\/index.php\/produit\/gerbera-jaune\/\" class=\"wc-block-grid__product-link\">\n\t\t\t\t\t<div class=\"wc-block-grid__product-image\"><img loading=\"lazy\" decoding=\"async\" width=\"250\" height=\"250\" src=\"https:\/\/coletteartsetmatieres.com\/wp-content\/uploads\/2022\/05\/gerbera_jaune_74_-removebg-preview-250x250.png\" class=\"attachment-woocommerce_thumbnail size-woocommerce_thumbnail\" alt=\"bouquet lin\u00e9aire\" srcset=\"https:\/\/coletteartsetmatieres.com\/wp-content\/uploads\/2022\/05\/gerbera_jaune_74_-removebg-preview-250x250.png 250w, https:\/\/coletteartsetmatieres.com\/wp-content\/uploads\/2022\/05\/gerbera_jaune_74_-removebg-preview-150x150.png 150w, https:\/\/coletteartsetmatieres.com\/wp-content\/uploads\/2022\/05\/gerbera_jaune_74_-removebg-preview-100x100.png 100w\" sizes=\"100vw\" \/><\/div>\n\t\t\t\t\t<div class=\"wc-block-grid__product-title\">bouquet lin\u00e9aire<\/div>\n\t\t\t\t<\/a>\n\t\t\t\t\n\t\t\t\t<div class=\"wc-block-grid__product-price price\"><span class=\"woocommerce-Price-amount amount\">30,70<span class=\"woocommerce-Price-currencySymbol\">&euro;<\/span><\/span><\/div>\n\t\t\t\t\n\t\t\t\t<div class=\"wp-block-button wc-block-grid__product-add-to-cart\"><a href=\"?add-to-cart=1077\" aria-label=\"Ajouter &ldquo;bouquet lin\u00e9aire&rdquo; \u00e0 votre panier\" data-quantity=\"1\" data-product_id=\"1077\" data-product_sku=\"\" rel=\"nofollow\" class=\"wp-block-button__link wp-element-button add_to_cart_button ajax_add_to_cart\">Ajouter au panier<\/a><\/div>\n\t\t\t<\/li><\/ul><\/div>\n\n\n<p class=\"has-text-align-center\">Utilisez le code <strong>DRIVE<\/strong> dans votre panier pour ne pas payer les frais de livraison si vous souhaitez r\u00e9cup\u00e9rer directement votre achat \u00e0 l&rsquo;atelier.<\/p>\n","protected":false},"excerpt":{"rendered":"<p>Group\u00e9es en masse, les fleurs forment le point focal de l&rsquo;ensemble sur la ligne directrice des tiges. Choisissez votre taille, vos couleurs et vos fleurs pour composer ce style de bouquet \u00e9l\u00e9gant, durable et sans entretien plusieurs ann\u00e9es. Il saura garnir un vase.. puis un autre, dans votre salon ou votre cuisine&#8230; selon vos envies &hellip; <\/p>\n<p class=\"link-more\"><a href=\"https:\/\/coletteartsetmatieres.com\/index.php\/lineaire\/\" class=\"more-link\">Continuer la lecture<span class=\"screen-reader-text\"> de &laquo;&nbsp;Lin\u00e9aire&nbsp;&raquo;<\/span><\/a><\/p>\n","protected":false},"author":1,"featured_media":0,"parent":0,"menu_order":0,"comment_status":"closed","ping_status":"closed","template":"","meta":{"footnotes":"","_vp_format_video_url":"","_vp_image_focal_point":[]},"yoast_head":"<!-- This site is optimized with the Yoast SEO plugin v19.8 - https:\/\/yoast.com\/wordpress\/plugins\/seo\/ -->\n<title>Lin\u00e9aire - Colette Arts et Mati\u00e8res.<\/title>\n<meta name=\"robots\" content=\"index, follow, max-snippet:-1, max-image-preview:large, max-video-preview:-1\" \/>\n<link rel=\"canonical\" href=\"https:\/\/coletteartsetmatieres.com\/index.php\/lineaire\/\" \/>\n<meta property=\"og:locale\" content=\"fr_FR\" \/>\n<meta property=\"og:type\" content=\"article\" \/>\n<meta property=\"og:title\" content=\"Lin\u00e9aire - Colette Arts et Mati\u00e8res.\" \/>\n<meta property=\"og:description\" content=\"Group\u00e9es en masse, les fleurs forment le point focal de l&rsquo;ensemble sur la ligne directrice des tiges. Choisissez votre taille, vos couleurs et vos fleurs pour composer ce style de bouquet \u00e9l\u00e9gant, durable et sans entretien plusieurs ann\u00e9es. Il saura garnir un vase.. puis un autre, dans votre salon ou votre cuisine&#8230; selon vos envies &hellip; Continuer la lecture de &laquo;&nbsp;Lin\u00e9aire&nbsp;&raquo;\" \/>\n<meta property=\"og:url\" content=\"https:\/\/coletteartsetmatieres.com\/index.php\/lineaire\/\" \/>\n<meta property=\"og:site_name\" content=\"Colette Arts et Mati\u00e8res.\" \/>\n<meta property=\"article:modified_time\" content=\"2022-05-20T13:16:22+00:00\" \/>\n<meta name=\"twitter:card\" content=\"summary_large_image\" \/>\n<script type=\"application\/ld+json\" class=\"yoast-schema-graph\">{\"@context\":\"https:\/\/schema.org\",\"@graph\":[{\"@type\":\"WebPage\",\"@id\":\"https:\/\/coletteartsetmatieres.com\/index.php\/lineaire\/\",\"url\":\"https:\/\/coletteartsetmatieres.com\/index.php\/lineaire\/\",\"name\":\"Lin\u00e9aire - Colette Arts et Mati\u00e8res.\",\"isPartOf\":{\"@id\":\"https:\/\/coletteartsetmatieres.com\/#website\"},\"datePublished\":\"2022-04-21T08:42:23+00:00\",\"dateModified\":\"2022-05-20T13:16:22+00:00\",\"breadcrumb\":{\"@id\":\"https:\/\/coletteartsetmatieres.com\/index.php\/lineaire\/#breadcrumb\"},\"inLanguage\":\"fr-FR\",\"potentialAction\":[{\"@type\":\"ReadAction\",\"target\":[\"https:\/\/coletteartsetmatieres.com\/index.php\/lineaire\/\"]}]},{\"@type\":\"BreadcrumbList\",\"@id\":\"https:\/\/coletteartsetmatieres.com\/index.php\/lineaire\/#breadcrumb\",\"itemListElement\":[{\"@type\":\"ListItem\",\"position\":1,\"name\":\"Accueil\",\"item\":\"https:\/\/coletteartsetmatieres.com\/\"},{\"@type\":\"ListItem\",\"position\":2,\"name\":\"Lin\u00e9aire\"}]},{\"@type\":\"WebSite\",\"@id\":\"https:\/\/coletteartsetmatieres.com\/#website\",\"url\":\"https:\/\/coletteartsetmatieres.com\/\",\"name\":\"Colette Arts et Mati\u00e8res.\",\"description\":\"   L&#039;Art du V\u00e9g\u00e9tal et de la Fleur stables et durables\",\"publisher\":{\"@id\":\"https:\/\/coletteartsetmatieres.com\/#organization\"},\"potentialAction\":[{\"@type\":\"SearchAction\",\"target\":{\"@type\":\"EntryPoint\",\"urlTemplate\":\"https:\/\/coletteartsetmatieres.com\/?s={search_term_string}\"},\"query-input\":\"required name=search_term_string\"}],\"inLanguage\":\"fr-FR\"},{\"@type\":\"Organization\",\"@id\":\"https:\/\/coletteartsetmatieres.com\/#organization\",\"name\":\"Colette Arts et Mati\u00e8res.\",\"url\":\"https:\/\/coletteartsetmatieres.com\/\",\"sameAs\":[],\"logo\":{\"@type\":\"ImageObject\",\"inLanguage\":\"fr-FR\",\"@id\":\"https:\/\/coletteartsetmatieres.com\/#\/schema\/logo\/image\/\",\"url\":\"https:\/\/coletteartsetmatieres.com\/wp-content\/uploads\/2020\/03\/cropped-Coletteartsetmatieres_logotype-2.png\",\"contentUrl\":\"https:\/\/coletteartsetmatieres.com\/wp-content\/uploads\/2020\/03\/cropped-Coletteartsetmatieres_logotype-2.png\",\"width\":409,\"height\":250,\"caption\":\"    Colette Arts et Mati\u00e8res. \"},\"image\":{\"@id\":\"https:\/\/coletteartsetmatieres.com\/#\/schema\/logo\/image\/\"}}]}<\/script>\n<!-- \/ Yoast SEO plugin. -->","yoast_head_json":{"title":"Lin\u00e9aire - Colette Arts et Mati\u00e8res.","robots":{"index":"index","follow":"follow","max-snippet":"max-snippet:-1","max-image-preview":"max-image-preview:large","max-video-preview":"max-video-preview:-1"},"canonical":"https:\/\/coletteartsetmatieres.com\/index.php\/lineaire\/","og_locale":"fr_FR","og_type":"article","og_title":"Lin\u00e9aire - Colette Arts et Mati\u00e8res.","og_description":"Group\u00e9es en masse, les fleurs forment le point focal de l&rsquo;ensemble sur la ligne directrice des tiges. Choisissez votre taille, vos couleurs et vos fleurs pour composer ce style de bouquet \u00e9l\u00e9gant, durable et sans entretien plusieurs ann\u00e9es. Il saura garnir un vase.. puis un autre, dans votre salon ou votre cuisine&#8230; selon vos envies &hellip; Continuer la lecture de &laquo;&nbsp;Lin\u00e9aire&nbsp;&raquo;","og_url":"https:\/\/coletteartsetmatieres.com\/index.php\/lineaire\/","og_site_name":"Colette Arts et Mati\u00e8res.","article_modified_time":"2022-05-20T13:16:22+00:00","twitter_card":"summary_large_image","schema":{"@context":"https:\/\/schema.org","@graph":[{"@type":"WebPage","@id":"https:\/\/coletteartsetmatieres.com\/index.php\/lineaire\/","url":"https:\/\/coletteartsetmatieres.com\/index.php\/lineaire\/","name":"Lin\u00e9aire - Colette Arts et Mati\u00e8res.","isPartOf":{"@id":"https:\/\/coletteartsetmatieres.com\/#website"},"datePublished":"2022-04-21T08:42:23+00:00","dateModified":"2022-05-20T13:16:22+00:00","breadcrumb":{"@id":"https:\/\/coletteartsetmatieres.com\/index.php\/lineaire\/#breadcrumb"},"inLanguage":"fr-FR","potentialAction":[{"@type":"ReadAction","target":["https:\/\/coletteartsetmatieres.com\/index.php\/lineaire\/"]}]},{"@type":"BreadcrumbList","@id":"https:\/\/coletteartsetmatieres.com\/index.php\/lineaire\/#breadcrumb","itemListElement":[{"@type":"ListItem","position":1,"name":"Accueil","item":"https:\/\/coletteartsetmatieres.com\/"},{"@type":"ListItem","position":2,"name":"Lin\u00e9aire"}]},{"@type":"WebSite","@id":"https:\/\/coletteartsetmatieres.com\/#website","url":"https:\/\/coletteartsetmatieres.com\/","name":"Colette Arts et Mati\u00e8res.","description":"   L&#039;Art du V\u00e9g\u00e9tal et de la Fleur stables et durables","publisher":{"@id":"https:\/\/coletteartsetmatieres.com\/#organization"},"potentialAction":[{"@type":"SearchAction","target":{"@type":"EntryPoint","urlTemplate":"https:\/\/coletteartsetmatieres.com\/?s={search_term_string}"},"query-input":"required name=search_term_string"}],"inLanguage":"fr-FR"},{"@type":"Organization","@id":"https:\/\/coletteartsetmatieres.com\/#organization","name":"Colette Arts et Mati\u00e8res.","url":"https:\/\/coletteartsetmatieres.com\/","sameAs":[],"logo":{"@type":"ImageObject","inLanguage":"fr-FR","@id":"https:\/\/coletteartsetmatieres.com\/#\/schema\/logo\/image\/","url":"https:\/\/coletteartsetmatieres.com\/wp-content\/uploads\/2020\/03\/cropped-Coletteartsetmatieres_logotype-2.png","contentUrl":"https:\/\/coletteartsetmatieres.com\/wp-content\/uploads\/2020\/03\/cropped-Coletteartsetmatieres_logotype-2.png","width":409,"height":250,"caption":"    Colette Arts et Mati\u00e8res. "},"image":{"@id":"https:\/\/coletteartsetmatieres.com\/#\/schema\/logo\/image\/"}}]}},"_links":{"self":[{"href":"https:\/\/coletteartsetmatieres.com\/index.php\/wp-json\/wp\/v2\/pages\/905"}],"collection":[{"href":"https:\/\/coletteartsetmatieres.com\/index.php\/wp-json\/wp\/v2\/pages"}],"about":[{"href":"https:\/\/coletteartsetmatieres.com\/index.php\/wp-json\/wp\/v2\/types\/page"}],"author":[{"embeddable":true,"href":"https:\/\/coletteartsetmatieres.com\/index.php\/wp-json\/wp\/v2\/users\/1"}],"replies":[{"embeddable":true,"href":"https:\/\/coletteartsetmatieres.com\/index.php\/wp-json\/wp\/v2\/comments?post=905"}],"version-history":[{"count":6,"href":"https:\/\/coletteartsetmatieres.com\/index.php\/wp-json\/wp\/v2\/pages\/905\/revisions"}],"predecessor-version":[{"id":1420,"href":"https:\/\/coletteartsetmatieres.com\/index.php\/wp-json\/wp\/v2\/pages\/905\/revisions\/1420"}],"wp:attachment":[{"href":"https:\/\/coletteartsetmatieres.com\/index.php\/wp-json\/wp\/v2\/media?parent=905"}],"curies":[{"name":"wp","href":"https:\/\/api.w.org\/{rel}","templated":true}]}}

Linéaire

<h2 class="has-medium-font-size wp-block-heading">Groupées en masse, les fleurs forment le point focal de l&rsquo;ensemble sur la ligne directrice des tiges.</h2>



<h2 class="has-medium-font-size wp-block-heading">Choisissez votre taille, vos couleurs et vos fleurs pour composer ce style de bouquet élégant, durable et sans entretien plusieurs années. Il saura garnir un vase.. puis un autre, dans votre salon ou votre cuisine&#8230; selon vos envies </h2>


<div data-block-name="woocommerce/product-category" data-categories="[43]" class="wc-block-grid wp-block-product-category wc-block-product-category has-3-columns has-multiple-rows"><ul class="wc-block-grid__products"><li class="wc-block-grid__product">
				<a href="https://coletteartsetmatieres.com/index.php/produit/gerbera-jaune/" class="wc-block-grid__product-link">
					<div class="wc-block-grid__product-image"><img loading="lazy" decoding="async" width="250" height="250" src="https://coletteartsetmatieres.com/wp-content/uploads/2022/05/gerbera_jaune_74_-removebg-preview-250x250.png" class="attachment-woocommerce_thumbnail size-woocommerce_thumbnail" alt="bouquet linéaire" srcset="https://coletteartsetmatieres.com/wp-content/uploads/2022/05/gerbera_jaune_74_-removebg-preview-250x250.png 250w, https://coletteartsetmatieres.com/wp-content/uploads/2022/05/gerbera_jaune_74_-removebg-preview-150x150.png 150w, https://coletteartsetmatieres.com/wp-content/uploads/2022/05/gerbera_jaune_74_-removebg-preview-100x100.png 100w" sizes="100vw" /></div>
					<div class="wc-block-grid__product-title">bouquet linéaire</div>
				</a>
				
				<div class="wc-block-grid__product-price price"><span class="woocommerce-Price-amount amount">30,70<span class="woocommerce-Price-currencySymbol">&euro;</span></span></div>
				
				<div class="wp-block-button wc-block-grid__product-add-to-cart"><a href="?add-to-cart=1077" aria-label="Ajouter &ldquo;bouquet linéaire&rdquo; à votre panier" data-quantity="1" data-product_id="1077" data-product_sku="" rel="nofollow" class="wp-block-button__link wp-element-button add_to_cart_button ajax_add_to_cart">Ajouter au panier</a></div>
			</li></ul></div>


<p class="has-text-align-center">Utilisez le code <strong>DRIVE</strong> dans votre panier pour ne pas payer les frais de livraison si vous souhaitez récupérer directement votre achat à l&rsquo;atelier.</p>

<p>Groupées en masse, les fleurs forment le point focal de l&rsquo;ensemble sur la ligne directrice des tiges. Choisissez votre taille, vos couleurs et vos fleurs pour composer ce style de bouquet élégant, durable et sans entretien plusieurs années. Il saura garnir un vase.. puis un autre, dans votre salon ou votre cuisine&#8230; selon vos envies &hellip; </p>
<p class="link-more"><a href="https://coletteartsetmatieres.com/index.php/lineaire/" class="more-link">Continuer la lecture<span class="screen-reader-text"> de &laquo;&nbsp;Linéaire&nbsp;&raquo;</span></a></p>

<!-- This site is optimized with the Yoast SEO plugin v19.8 - https://yoast.com/wordpress/plugins/seo/ -->
<title>Linéaire - Colette Arts et Matières.</title>
<meta name="robots" content="index, follow, max-snippet:-1, max-image-preview:large, max-video-preview:-1" />
<link rel="canonical" href="https://coletteartsetmatieres.com/index.php/lineaire/" />
<meta property="og:locale" content="fr_FR" />
<meta property="og:type" content="article" />
<meta property="og:title" content="Linéaire - Colette Arts et Matières." />
<meta property="og:description" content="Groupées en masse, les fleurs forment le point focal de l&rsquo;ensemble sur la ligne directrice des tiges. Choisissez votre taille, vos couleurs et vos fleurs pour composer ce style de bouquet élégant, durable et sans entretien plusieurs années. Il saura garnir un vase.. puis un autre, dans votre salon ou votre cuisine&#8230; selon vos envies &hellip; Continuer la lecture de &laquo;&nbsp;Linéaire&nbsp;&raquo;" />
<meta property="og:url" content="https://coletteartsetmatieres.com/index.php/lineaire/" />
<meta property="og:site_name" content="Colette Arts et Matières." />
<meta property="article:modified_time" content="2022-05-20T13:16:22+00:00" />
<meta name="twitter:card" content="summary_large_image" />
<script type="application/ld+json" class="yoast-schema-graph">{"@context":"https://schema.org","@graph":[{"@type":"WebPage","@id":"https://coletteartsetmatieres.com/index.php/lineaire/","url":"https://coletteartsetmatieres.com/index.php/lineaire/","name":"Linéaire - Colette Arts et Matières.","isPartOf":{"@id":"https://coletteartsetmatieres.com/#website"},"datePublished":"2022-04-21T08:42:23+00:00","dateModified":"2022-05-20T13:16:22+00:00","breadcrumb":{"@id":"https://coletteartsetmatieres.com/index.php/lineaire/#breadcrumb"},"inLanguage":"fr-FR","potentialAction":[{"@type":"ReadAction","target":["https://coletteartsetmatieres.com/index.php/lineaire/"]}]},{"@type":"BreadcrumbList","@id":"https://coletteartsetmatieres.com/index.php/lineaire/#breadcrumb","itemListElement":[{"@type":"ListItem","position":1,"name":"Accueil","item":"https://coletteartsetmatieres.com/"},{"@type":"ListItem","position":2,"name":"Linéaire"}]},{"@type":"WebSite","@id":"https://coletteartsetmatieres.com/#website","url":"https://coletteartsetmatieres.com/","name":"Colette Arts et Matières.","description":"   L&#039;Art du Végétal et de la Fleur stables et durables","publisher":{"@id":"https://coletteartsetmatieres.com/#organization"},"potentialAction":[{"@type":"SearchAction","target":{"@type":"EntryPoint","urlTemplate":"https://coletteartsetmatieres.com/?s={search_term_string}"},"query-input":"required name=search_term_string"}],"inLanguage":"fr-FR"},{"@type":"Organization","@id":"https://coletteartsetmatieres.com/#organization","name":"Colette Arts et Matières.","url":"https://coletteartsetmatieres.com/","sameAs":[],"logo":{"@type":"ImageObject","inLanguage":"fr-FR","@id":"https://coletteartsetmatieres.com/#/schema/logo/image/","url":"https://coletteartsetmatieres.com/wp-content/uploads/2020/03/cropped-Coletteartsetmatieres_logotype-2.png","contentUrl":"https://coletteartsetmatieres.com/wp-content/uploads/2020/03/cropped-Coletteartsetmatieres_logotype-2.png","width":409,"height":250,"caption":"    Colette Arts et Matières. "},"image":{"@id":"https://coletteartsetmatieres.com/#/schema/logo/image/"}}]}</script>
<!-- / Yoast SEO plugin. -->

Linéaire - Colette Arts et Matières.

Groupées en masse, les fleurs forment le point focal de l&rsquo;ensemble sur la ligne directrice des tiges. Choisissez votre taille, vos couleurs et vos fleurs pour composer ce style de bouquet élégant, durable et sans entretien plusieurs années. Il saura garnir un vase.. puis un autre, dans votre salon ou votre cuisine&#8230; selon vos envies &hellip; Continuer la lecture de &laquo;&nbsp;Linéaire&nbsp;&raquo;

Colette Arts et Matières.

L&#039;Art du Végétal et de la Fleur stables et durables
