{"id":1084,"date":"2022-05-02T22:24:00","date_gmt":"2022-05-02T20:24:00","guid":{"rendered":"https:\/\/coletteartsetmatieres.com\/?post_type=product&#038;p=1084"},"modified":"2022-06-06T20:45:35","modified_gmt":"2022-06-06T18:45:35","slug":"chandelier","status":"publish","type":"product","link":"https:\/\/coletteartsetmatieres.com\/index.php\/produit\/chandelier\/","title":{"rendered":"bouquet sym\u00e9trique"},"content":{"rendered":"<p><strong>Elements :<\/strong>Sur socle bois mont\u00e9 sur fil cuivre recycl\u00e9, bois sec, leptospernum, hortensia, tortum, roses, scabieuse, fleur de jasmin, ruscus, foug\u00e8res, eucalyptus, baies s\u00e8ches et dor\u00e9es, perles<\/p>\n<p><strong>Dimensions :<br \/>\n<\/strong><\/p>\n<div>\n<p>H : 35cm L : 53cm P : 25cm<\/p>\n<\/div>\n","protected":false},"excerpt":{"rendered":"<div>\n<p>Romantique, abondant et color\u00e9, voici un chandelier v\u00e9g\u00e9tal fleuri. D\u00e9coratif, ce style convient parfaitement \u00e0 tous les int\u00e9rieurs. Une composition de table sym\u00e9trique et intemporelle accueillera vos h\u00f4tes pour les f\u00eates et anniversaires. P\u00e9rennes, naturels et vivants, les v\u00e9g\u00e9taux respirent avec bienveillance la fraicheur et l&rsquo;authenticit\u00e9 d&rsquo;une vrai composition florale. Sans entretien, vous en profiterez plusieurs ann\u00e9es.<\/p>\n<p><strong>Photos \/ vid\u00e9os<\/strong>\u00a0: Toutes nos images sont sans retouches. Il est toutefois difficile de restituer les v\u00e9ritables couleurs d&rsquo;un produit. Le rendu des couleurs peut \u00e9galement varier d&rsquo;un \u00e9cran \u00e0 l&rsquo;autre.<\/p>\n<p><img loading=\"lazy\" decoding=\"async\" class=\"alignnone size-medium wp-image-1327\" src=\"https:\/\/coletteartsetmatieres.com\/wp-content\/uploads\/2022\/05\/jbu-removebg-preview-e1652350675257-300x73.png\" alt=\"\" width=\"300\" height=\"73\" srcset=\"https:\/\/coletteartsetmatieres.com\/wp-content\/uploads\/2022\/05\/jbu-removebg-preview-e1652350675257-300x73.png 300w, https:\/\/coletteartsetmatieres.com\/wp-content\/uploads\/2022\/05\/jbu-removebg-preview-e1652350675257-350x85.png 350w, https:\/\/coletteartsetmatieres.com\/wp-content\/uploads\/2022\/05\/jbu-removebg-preview-e1652350675257.png 390w\" sizes=\"(max-width: 300px) 100vw, 300px\" \/><\/p>\n<\/div>\n","protected":false},"featured_media":1078,"comment_status":"open","ping_status":"closed","template":"","meta":{"_vp_format_video_url":"","_vp_image_focal_point":[]},"product_cat":[41,48,76],"product_tag":[],"yoast_head":"<!-- This site is optimized with the Yoast SEO plugin v19.8 - https:\/\/yoast.com\/wordpress\/plugins\/seo\/ -->\n<title>bouquet sym\u00e9trique - Colette Arts et Mati\u00e8res.<\/title>\n<meta name=\"robots\" content=\"index, follow, max-snippet:-1, max-image-preview:large, max-video-preview:-1\" \/>\n<link rel=\"canonical\" href=\"https:\/\/coletteartsetmatieres.com\/index.php\/produit\/chandelier\/\" \/>\n<meta property=\"og:locale\" content=\"fr_FR\" \/>\n<meta property=\"og:type\" content=\"article\" \/>\n<meta property=\"og:title\" content=\"bouquet sym\u00e9trique - Colette Arts et Mati\u00e8res.\" \/>\n<meta property=\"og:description\" content=\"Romantique, abondant et color\u00e9, voici un chandelier v\u00e9g\u00e9tal fleuri. D\u00e9coratif, ce style convient parfaitement \u00e0 tous les int\u00e9rieurs. Une composition de table sym\u00e9trique et intemporelle accueillera vos h\u00f4tes pour les f\u00eates et anniversaires. P\u00e9rennes, naturels et vivants, les v\u00e9g\u00e9taux respirent avec bienveillance la fraicheur et l&#039;authenticit\u00e9 d&#039;une vrai composition florale. Sans entretien, vous en profiterez plusieurs ann\u00e9es.  Photos \/ vid\u00e9os\u00a0: Toutes nos images sont sans retouches. Il est toutefois difficile de restituer les v\u00e9ritables couleurs d&#039;un produit. Le rendu des couleurs peut \u00e9galement varier d&#039;un \u00e9cran \u00e0 l&#039;autre.\" \/>\n<meta property=\"og:url\" content=\"https:\/\/coletteartsetmatieres.com\/index.php\/produit\/chandelier\/\" \/>\n<meta property=\"og:site_name\" content=\"Colette Arts et Mati\u00e8res.\" \/>\n<meta property=\"article:modified_time\" content=\"2022-06-06T18:45:35+00:00\" \/>\n<meta property=\"og:image\" content=\"https:\/\/coletteartsetmatieres.com\/wp-content\/uploads\/2022\/05\/chandelier__64_-removebg-preview.png\" \/>\n\t<meta property=\"og:image:width\" content=\"612\" \/>\n\t<meta property=\"og:image:height\" content=\"408\" \/>\n\t<meta property=\"og:image:type\" content=\"image\/png\" \/>\n<meta name=\"twitter:card\" content=\"summary_large_image\" \/>\n<script type=\"application\/ld+json\" class=\"yoast-schema-graph\">{\"@context\":\"https:\/\/schema.org\",\"@graph\":[{\"@type\":\"WebPage\",\"@id\":\"https:\/\/coletteartsetmatieres.com\/index.php\/produit\/chandelier\/\",\"url\":\"https:\/\/coletteartsetmatieres.com\/index.php\/produit\/chandelier\/\",\"name\":\"bouquet sym\u00e9trique - Colette Arts et Mati\u00e8res.\",\"isPartOf\":{\"@id\":\"https:\/\/coletteartsetmatieres.com\/#website\"},\"datePublished\":\"2022-05-02T20:24:00+00:00\",\"dateModified\":\"2022-06-06T18:45:35+00:00\",\"breadcrumb\":{\"@id\":\"https:\/\/coletteartsetmatieres.com\/index.php\/produit\/chandelier\/#breadcrumb\"},\"inLanguage\":\"fr-FR\",\"potentialAction\":[{\"@type\":\"ReadAction\",\"target\":[\"https:\/\/coletteartsetmatieres.com\/index.php\/produit\/chandelier\/\"]}]},{\"@type\":\"BreadcrumbList\",\"@id\":\"https:\/\/coletteartsetmatieres.com\/index.php\/produit\/chandelier\/#breadcrumb\",\"itemListElement\":[{\"@type\":\"ListItem\",\"position\":1,\"name\":\"Accueil\",\"item\":\"https:\/\/coletteartsetmatieres.com\/\"},{\"@type\":\"ListItem\",\"position\":2,\"name\":\"bouquet sym\u00e9trique\"}]},{\"@type\":\"WebSite\",\"@id\":\"https:\/\/coletteartsetmatieres.com\/#website\",\"url\":\"https:\/\/coletteartsetmatieres.com\/\",\"name\":\"Colette Arts et Mati\u00e8res.\",\"description\":\"   L&#039;Art du V\u00e9g\u00e9tal et de la Fleur stables et durables\",\"publisher\":{\"@id\":\"https:\/\/coletteartsetmatieres.com\/#organization\"},\"potentialAction\":[{\"@type\":\"SearchAction\",\"target\":{\"@type\":\"EntryPoint\",\"urlTemplate\":\"https:\/\/coletteartsetmatieres.com\/?s={search_term_string}\"},\"query-input\":\"required name=search_term_string\"}],\"inLanguage\":\"fr-FR\"},{\"@type\":\"Organization\",\"@id\":\"https:\/\/coletteartsetmatieres.com\/#organization\",\"name\":\"Colette Arts et Mati\u00e8res.\",\"url\":\"https:\/\/coletteartsetmatieres.com\/\",\"sameAs\":[],\"logo\":{\"@type\":\"ImageObject\",\"inLanguage\":\"fr-FR\",\"@id\":\"https:\/\/coletteartsetmatieres.com\/#\/schema\/logo\/image\/\",\"url\":\"https:\/\/coletteartsetmatieres.com\/wp-content\/uploads\/2020\/03\/cropped-Coletteartsetmatieres_logotype-2.png\",\"contentUrl\":\"https:\/\/coletteartsetmatieres.com\/wp-content\/uploads\/2020\/03\/cropped-Coletteartsetmatieres_logotype-2.png\",\"width\":409,\"height\":250,\"caption\":\"    Colette Arts et Mati\u00e8res. \"},\"image\":{\"@id\":\"https:\/\/coletteartsetmatieres.com\/#\/schema\/logo\/image\/\"}}]}<\/script>\n<!-- \/ Yoast SEO plugin. -->","yoast_head_json":{"title":"bouquet sym\u00e9trique - Colette Arts et Mati\u00e8res.","robots":{"index":"index","follow":"follow","max-snippet":"max-snippet:-1","max-image-preview":"max-image-preview:large","max-video-preview":"max-video-preview:-1"},"canonical":"https:\/\/coletteartsetmatieres.com\/index.php\/produit\/chandelier\/","og_locale":"fr_FR","og_type":"article","og_title":"bouquet sym\u00e9trique - Colette Arts et Mati\u00e8res.","og_description":"Romantique, abondant et color\u00e9, voici un chandelier v\u00e9g\u00e9tal fleuri. D\u00e9coratif, ce style convient parfaitement \u00e0 tous les int\u00e9rieurs. Une composition de table sym\u00e9trique et intemporelle accueillera vos h\u00f4tes pour les f\u00eates et anniversaires. P\u00e9rennes, naturels et vivants, les v\u00e9g\u00e9taux respirent avec bienveillance la fraicheur et l'authenticit\u00e9 d'une vrai composition florale. Sans entretien, vous en profiterez plusieurs ann\u00e9es.  Photos \/ vid\u00e9os\u00a0: Toutes nos images sont sans retouches. Il est toutefois difficile de restituer les v\u00e9ritables couleurs d'un produit. Le rendu des couleurs peut \u00e9galement varier d'un \u00e9cran \u00e0 l'autre.","og_url":"https:\/\/coletteartsetmatieres.com\/index.php\/produit\/chandelier\/","og_site_name":"Colette Arts et Mati\u00e8res.","article_modified_time":"2022-06-06T18:45:35+00:00","og_image":[{"width":612,"height":408,"url":"https:\/\/coletteartsetmatieres.com\/wp-content\/uploads\/2022\/05\/chandelier__64_-removebg-preview.png","type":"image\/png"}],"twitter_card":"summary_large_image","schema":{"@context":"https:\/\/schema.org","@graph":[{"@type":"WebPage","@id":"https:\/\/coletteartsetmatieres.com\/index.php\/produit\/chandelier\/","url":"https:\/\/coletteartsetmatieres.com\/index.php\/produit\/chandelier\/","name":"bouquet sym\u00e9trique - Colette Arts et Mati\u00e8res.","isPartOf":{"@id":"https:\/\/coletteartsetmatieres.com\/#website"},"datePublished":"2022-05-02T20:24:00+00:00","dateModified":"2022-06-06T18:45:35+00:00","breadcrumb":{"@id":"https:\/\/coletteartsetmatieres.com\/index.php\/produit\/chandelier\/#breadcrumb"},"inLanguage":"fr-FR","potentialAction":[{"@type":"ReadAction","target":["https:\/\/coletteartsetmatieres.com\/index.php\/produit\/chandelier\/"]}]},{"@type":"BreadcrumbList","@id":"https:\/\/coletteartsetmatieres.com\/index.php\/produit\/chandelier\/#breadcrumb","itemListElement":[{"@type":"ListItem","position":1,"name":"Accueil","item":"https:\/\/coletteartsetmatieres.com\/"},{"@type":"ListItem","position":2,"name":"bouquet sym\u00e9trique"}]},{"@type":"WebSite","@id":"https:\/\/coletteartsetmatieres.com\/#website","url":"https:\/\/coletteartsetmatieres.com\/","name":"Colette Arts et Mati\u00e8res.","description":"   L&#039;Art du V\u00e9g\u00e9tal et de la Fleur stables et durables","publisher":{"@id":"https:\/\/coletteartsetmatieres.com\/#organization"},"potentialAction":[{"@type":"SearchAction","target":{"@type":"EntryPoint","urlTemplate":"https:\/\/coletteartsetmatieres.com\/?s={search_term_string}"},"query-input":"required name=search_term_string"}],"inLanguage":"fr-FR"},{"@type":"Organization","@id":"https:\/\/coletteartsetmatieres.com\/#organization","name":"Colette Arts et Mati\u00e8res.","url":"https:\/\/coletteartsetmatieres.com\/","sameAs":[],"logo":{"@type":"ImageObject","inLanguage":"fr-FR","@id":"https:\/\/coletteartsetmatieres.com\/#\/schema\/logo\/image\/","url":"https:\/\/coletteartsetmatieres.com\/wp-content\/uploads\/2020\/03\/cropped-Coletteartsetmatieres_logotype-2.png","contentUrl":"https:\/\/coletteartsetmatieres.com\/wp-content\/uploads\/2020\/03\/cropped-Coletteartsetmatieres_logotype-2.png","width":409,"height":250,"caption":"    Colette Arts et Mati\u00e8res. "},"image":{"@id":"https:\/\/coletteartsetmatieres.com\/#\/schema\/logo\/image\/"}}]}},"_links":{"self":[{"href":"https:\/\/coletteartsetmatieres.com\/index.php\/wp-json\/wp\/v2\/product\/1084"}],"collection":[{"href":"https:\/\/coletteartsetmatieres.com\/index.php\/wp-json\/wp\/v2\/product"}],"about":[{"href":"https:\/\/coletteartsetmatieres.com\/index.php\/wp-json\/wp\/v2\/types\/product"}],"replies":[{"embeddable":true,"href":"https:\/\/coletteartsetmatieres.com\/index.php\/wp-json\/wp\/v2\/comments?post=1084"}],"wp:featuredmedia":[{"embeddable":true,"href":"https:\/\/coletteartsetmatieres.com\/index.php\/wp-json\/wp\/v2\/media\/1078"}],"wp:attachment":[{"href":"https:\/\/coletteartsetmatieres.com\/index.php\/wp-json\/wp\/v2\/media?parent=1084"}],"wp:term":[{"taxonomy":"product_cat","embeddable":true,"href":"https:\/\/coletteartsetmatieres.com\/index.php\/wp-json\/wp\/v2\/product_cat?post=1084"},{"taxonomy":"product_tag","embeddable":true,"href":"https:\/\/coletteartsetmatieres.com\/index.php\/wp-json\/wp\/v2\/product_tag?post=1084"}],"curies":[{"name":"wp","href":"https:\/\/api.w.org\/{rel}","templated":true}]}}

bouquet symétrique

<p><strong>Elements :</strong>Sur socle bois monté sur fil cuivre recyclé, bois sec, leptospernum, hortensia, tortum, roses, scabieuse, fleur de jasmin, ruscus, fougères, eucalyptus, baies sèches et dorées, perles</p>
<p><strong>Dimensions :<br />
</strong></p>
<div>
<p>H : 35cm L : 53cm P : 25cm</p>
</div>

<div>
<p>Romantique, abondant et coloré, voici un chandelier végétal fleuri. Décoratif, ce style convient parfaitement à tous les intérieurs. Une composition de table symétrique et intemporelle accueillera vos hôtes pour les fêtes et anniversaires. Pérennes, naturels et vivants, les végétaux respirent avec bienveillance la fraicheur et l&rsquo;authenticité d&rsquo;une vrai composition florale. Sans entretien, vous en profiterez plusieurs années.</p>
<p><strong>Photos / vidéos</strong> : Toutes nos images sont sans retouches. Il est toutefois difficile de restituer les véritables couleurs d&rsquo;un produit. Le rendu des couleurs peut également varier d&rsquo;un écran à l&rsquo;autre.</p>
<p><img loading="lazy" decoding="async" class="alignnone size-medium wp-image-1327" src="https://coletteartsetmatieres.com/wp-content/uploads/2022/05/jbu-removebg-preview-e1652350675257-300x73.png" alt="" width="300" height="73" srcset="https://coletteartsetmatieres.com/wp-content/uploads/2022/05/jbu-removebg-preview-e1652350675257-300x73.png 300w, https://coletteartsetmatieres.com/wp-content/uploads/2022/05/jbu-removebg-preview-e1652350675257-350x85.png 350w, https://coletteartsetmatieres.com/wp-content/uploads/2022/05/jbu-removebg-preview-e1652350675257.png 390w" sizes="(max-width: 300px) 100vw, 300px" /></p>
</div>

<!-- This site is optimized with the Yoast SEO plugin v19.8 - https://yoast.com/wordpress/plugins/seo/ -->
<title>bouquet symétrique - Colette Arts et Matières.</title>
<meta name="robots" content="index, follow, max-snippet:-1, max-image-preview:large, max-video-preview:-1" />
<link rel="canonical" href="https://coletteartsetmatieres.com/index.php/produit/chandelier/" />
<meta property="og:locale" content="fr_FR" />
<meta property="og:type" content="article" />
<meta property="og:title" content="bouquet symétrique - Colette Arts et Matières." />
<meta property="og:description" content="Romantique, abondant et coloré, voici un chandelier végétal fleuri. Décoratif, ce style convient parfaitement à tous les intérieurs. Une composition de table symétrique et intemporelle accueillera vos hôtes pour les fêtes et anniversaires. Pérennes, naturels et vivants, les végétaux respirent avec bienveillance la fraicheur et l&#039;authenticité d&#039;une vrai composition florale. Sans entretien, vous en profiterez plusieurs années.  Photos / vidéos : Toutes nos images sont sans retouches. Il est toutefois difficile de restituer les véritables couleurs d&#039;un produit. Le rendu des couleurs peut également varier d&#039;un écran à l&#039;autre." />
<meta property="og:url" content="https://coletteartsetmatieres.com/index.php/produit/chandelier/" />
<meta property="og:site_name" content="Colette Arts et Matières." />
<meta property="article:modified_time" content="2022-06-06T18:45:35+00:00" />
<meta property="og:image" content="https://coletteartsetmatieres.com/wp-content/uploads/2022/05/chandelier__64_-removebg-preview.png" />
	<meta property="og:image:width" content="612" />
	<meta property="og:image:height" content="408" />
	<meta property="og:image:type" content="image/png" />
<meta name="twitter:card" content="summary_large_image" />
<script type="application/ld+json" class="yoast-schema-graph">{"@context":"https://schema.org","@graph":[{"@type":"WebPage","@id":"https://coletteartsetmatieres.com/index.php/produit/chandelier/","url":"https://coletteartsetmatieres.com/index.php/produit/chandelier/","name":"bouquet symétrique - Colette Arts et Matières.","isPartOf":{"@id":"https://coletteartsetmatieres.com/#website"},"datePublished":"2022-05-02T20:24:00+00:00","dateModified":"2022-06-06T18:45:35+00:00","breadcrumb":{"@id":"https://coletteartsetmatieres.com/index.php/produit/chandelier/#breadcrumb"},"inLanguage":"fr-FR","potentialAction":[{"@type":"ReadAction","target":["https://coletteartsetmatieres.com/index.php/produit/chandelier/"]}]},{"@type":"BreadcrumbList","@id":"https://coletteartsetmatieres.com/index.php/produit/chandelier/#breadcrumb","itemListElement":[{"@type":"ListItem","position":1,"name":"Accueil","item":"https://coletteartsetmatieres.com/"},{"@type":"ListItem","position":2,"name":"bouquet symétrique"}]},{"@type":"WebSite","@id":"https://coletteartsetmatieres.com/#website","url":"https://coletteartsetmatieres.com/","name":"Colette Arts et Matières.","description":"   L&#039;Art du Végétal et de la Fleur stables et durables","publisher":{"@id":"https://coletteartsetmatieres.com/#organization"},"potentialAction":[{"@type":"SearchAction","target":{"@type":"EntryPoint","urlTemplate":"https://coletteartsetmatieres.com/?s={search_term_string}"},"query-input":"required name=search_term_string"}],"inLanguage":"fr-FR"},{"@type":"Organization","@id":"https://coletteartsetmatieres.com/#organization","name":"Colette Arts et Matières.","url":"https://coletteartsetmatieres.com/","sameAs":[],"logo":{"@type":"ImageObject","inLanguage":"fr-FR","@id":"https://coletteartsetmatieres.com/#/schema/logo/image/","url":"https://coletteartsetmatieres.com/wp-content/uploads/2020/03/cropped-Coletteartsetmatieres_logotype-2.png","contentUrl":"https://coletteartsetmatieres.com/wp-content/uploads/2020/03/cropped-Coletteartsetmatieres_logotype-2.png","width":409,"height":250,"caption":"    Colette Arts et Matières. "},"image":{"@id":"https://coletteartsetmatieres.com/#/schema/logo/image/"}}]}</script>
<!-- / Yoast SEO plugin. -->

bouquet symétrique - Colette Arts et Matières.

Romantique, abondant et coloré, voici un chandelier végétal fleuri. Décoratif, ce style convient parfaitement à tous les intérieurs. Une composition de table symétrique et intemporelle accueillera vos hôtes pour les fêtes et anniversaires. Pérennes, naturels et vivants, les végétaux respirent avec bienveillance la fraicheur et l'authenticité d'une vrai composition florale. Sans entretien, vous en profiterez plusieurs années.  Photos / vidéos : Toutes nos images sont sans retouches. Il est toutefois difficile de restituer les véritables couleurs d'un produit. Le rendu des couleurs peut également varier d'un écran à l'autre.

Colette Arts et Matières.

L&#039;Art du Végétal et de la Fleur stables et durables
