{"id":1319,"date":"2022-05-12T10:52:45","date_gmt":"2022-05-12T08:52:45","guid":{"rendered":"https:\/\/coletteartsetmatieres.com\/?post_type=product&#038;p=1319"},"modified":"2022-06-06T14:34:59","modified_gmt":"2022-06-06T12:34:59","slug":"sagesse","status":"publish","type":"product","link":"https:\/\/coletteartsetmatieres.com\/index.php\/produit\/sagesse\/","title":{"rendered":"Sagesse"},"content":{"rendered":"<div>\n<div>\n<p><strong>Elements :<\/strong><\/p>\n<p>Mousse boule er plate, bois sec et amaranthe<\/p>\n<p><strong>Dimensions :<\/strong><\/p>\n<div>\n<p>H : 35cm L : 35cm<\/p>\n<\/div>\n<\/div>\n<\/div>\n","protected":false},"excerpt":{"rendered":"<div>\n<p>Personnage Myst\u00e8re: A la rencontre d&rsquo;un bois sec, aux formes complexes et myst\u00e9rieuses! Lui ai-je fait tourner la t\u00eate pour lui trouver une place de valeur? Aujourd&rsquo;hui le voici en portrait dominant avec sa chevelure d&rsquo;amarante et de mousse. NON, il n&rsquo;a pas le nez crochu, c&rsquo;est peut-\u00eatre un gourmand ou affam\u00e9&#8230;. Ce portrait myst\u00e9rieux vous attend&#8230;. dans le salon ou la cuisine, quelque part dans votre appartement.<\/p>\n<p><strong>Photos \/ vid\u00e9os<\/strong>\u00a0: Toutes nos images sont sans retouches. Il est toutefois difficile de restituer les v\u00e9ritables couleurs d&rsquo;un produit. Le rendu des couleurs peut \u00e9galement varier d&rsquo;un \u00e9cran \u00e0 l&rsquo;autre.<\/p>\n<p><img loading=\"lazy\" decoding=\"async\" class=\"alignnone size-medium wp-image-1327\" src=\"https:\/\/coletteartsetmatieres.com\/wp-content\/uploads\/2022\/05\/jbu-removebg-preview-e1652350675257-300x73.png\" alt=\"\" width=\"300\" height=\"73\" srcset=\"https:\/\/coletteartsetmatieres.com\/wp-content\/uploads\/2022\/05\/jbu-removebg-preview-e1652350675257-300x73.png 300w, https:\/\/coletteartsetmatieres.com\/wp-content\/uploads\/2022\/05\/jbu-removebg-preview-e1652350675257-350x85.png 350w, https:\/\/coletteartsetmatieres.com\/wp-content\/uploads\/2022\/05\/jbu-removebg-preview-e1652350675257.png 390w\" sizes=\"(max-width: 300px) 100vw, 300px\" \/><\/p>\n<\/div>\n","protected":false},"featured_media":1309,"comment_status":"open","ping_status":"closed","template":"","meta":{"_vp_format_video_url":"","_vp_image_focal_point":[]},"product_cat":[73,18,70],"product_tag":[],"yoast_head":"<!-- This site is optimized with the Yoast SEO plugin v19.8 - https:\/\/yoast.com\/wordpress\/plugins\/seo\/ -->\n<title>Sagesse - Colette Arts et Mati\u00e8res.<\/title>\n<meta name=\"robots\" content=\"index, follow, max-snippet:-1, max-image-preview:large, max-video-preview:-1\" \/>\n<link rel=\"canonical\" href=\"https:\/\/coletteartsetmatieres.com\/index.php\/produit\/sagesse\/\" \/>\n<meta property=\"og:locale\" content=\"fr_FR\" \/>\n<meta property=\"og:type\" content=\"article\" \/>\n<meta property=\"og:title\" content=\"Sagesse - Colette Arts et Mati\u00e8res.\" \/>\n<meta property=\"og:description\" content=\"Personnage Myst\u00e8re: A la rencontre d&#039;un bois sec, aux formes complexes et myst\u00e9rieuses! Lui ai-je fait tourner la t\u00eate pour lui trouver une place de valeur? Aujourd&#039;hui le voici en portrait dominant avec sa chevelure d&#039;amarante et de mousse. NON, il n&#039;a pas le nez crochu, c&#039;est peut-\u00eatre un gourmand ou affam\u00e9.... Ce portrait myst\u00e9rieux vous attend.... dans le salon ou la cuisine, quelque part dans votre appartement.  Photos \/ vid\u00e9os\u00a0: Toutes nos images sont sans retouches. Il est toutefois difficile de restituer les v\u00e9ritables couleurs d&#039;un produit. Le rendu des couleurs peut \u00e9galement varier d&#039;un \u00e9cran \u00e0 l&#039;autre.\" \/>\n<meta property=\"og:url\" content=\"https:\/\/coletteartsetmatieres.com\/index.php\/produit\/sagesse\/\" \/>\n<meta property=\"og:site_name\" content=\"Colette Arts et Mati\u00e8res.\" \/>\n<meta property=\"article:modified_time\" content=\"2022-06-06T12:34:59+00:00\" \/>\n<meta property=\"og:image\" content=\"https:\/\/coletteartsetmatieres.com\/wp-content\/uploads\/2022\/05\/sagesse-23-scaled-e1652345416276.jpg\" \/>\n\t<meta property=\"og:image:width\" content=\"1638\" \/>\n\t<meta property=\"og:image:height\" content=\"1632\" \/>\n\t<meta property=\"og:image:type\" content=\"image\/jpeg\" \/>\n<meta name=\"twitter:card\" content=\"summary_large_image\" \/>\n<script type=\"application\/ld+json\" class=\"yoast-schema-graph\">{\"@context\":\"https:\/\/schema.org\",\"@graph\":[{\"@type\":\"WebPage\",\"@id\":\"https:\/\/coletteartsetmatieres.com\/index.php\/produit\/sagesse\/\",\"url\":\"https:\/\/coletteartsetmatieres.com\/index.php\/produit\/sagesse\/\",\"name\":\"Sagesse - Colette Arts et Mati\u00e8res.\",\"isPartOf\":{\"@id\":\"https:\/\/coletteartsetmatieres.com\/#website\"},\"datePublished\":\"2022-05-12T08:52:45+00:00\",\"dateModified\":\"2022-06-06T12:34:59+00:00\",\"breadcrumb\":{\"@id\":\"https:\/\/coletteartsetmatieres.com\/index.php\/produit\/sagesse\/#breadcrumb\"},\"inLanguage\":\"fr-FR\",\"potentialAction\":[{\"@type\":\"ReadAction\",\"target\":[\"https:\/\/coletteartsetmatieres.com\/index.php\/produit\/sagesse\/\"]}]},{\"@type\":\"BreadcrumbList\",\"@id\":\"https:\/\/coletteartsetmatieres.com\/index.php\/produit\/sagesse\/#breadcrumb\",\"itemListElement\":[{\"@type\":\"ListItem\",\"position\":1,\"name\":\"Accueil\",\"item\":\"https:\/\/coletteartsetmatieres.com\/\"},{\"@type\":\"ListItem\",\"position\":2,\"name\":\"Sagesse\"}]},{\"@type\":\"WebSite\",\"@id\":\"https:\/\/coletteartsetmatieres.com\/#website\",\"url\":\"https:\/\/coletteartsetmatieres.com\/\",\"name\":\"Colette Arts et Mati\u00e8res.\",\"description\":\"   L&#039;Art du V\u00e9g\u00e9tal et de la Fleur stables et durables\",\"publisher\":{\"@id\":\"https:\/\/coletteartsetmatieres.com\/#organization\"},\"potentialAction\":[{\"@type\":\"SearchAction\",\"target\":{\"@type\":\"EntryPoint\",\"urlTemplate\":\"https:\/\/coletteartsetmatieres.com\/?s={search_term_string}\"},\"query-input\":\"required name=search_term_string\"}],\"inLanguage\":\"fr-FR\"},{\"@type\":\"Organization\",\"@id\":\"https:\/\/coletteartsetmatieres.com\/#organization\",\"name\":\"Colette Arts et Mati\u00e8res.\",\"url\":\"https:\/\/coletteartsetmatieres.com\/\",\"sameAs\":[],\"logo\":{\"@type\":\"ImageObject\",\"inLanguage\":\"fr-FR\",\"@id\":\"https:\/\/coletteartsetmatieres.com\/#\/schema\/logo\/image\/\",\"url\":\"https:\/\/coletteartsetmatieres.com\/wp-content\/uploads\/2020\/03\/cropped-Coletteartsetmatieres_logotype-2.png\",\"contentUrl\":\"https:\/\/coletteartsetmatieres.com\/wp-content\/uploads\/2020\/03\/cropped-Coletteartsetmatieres_logotype-2.png\",\"width\":409,\"height\":250,\"caption\":\"    Colette Arts et Mati\u00e8res. \"},\"image\":{\"@id\":\"https:\/\/coletteartsetmatieres.com\/#\/schema\/logo\/image\/\"}}]}<\/script>\n<!-- \/ Yoast SEO plugin. -->","yoast_head_json":{"title":"Sagesse - Colette Arts et Mati\u00e8res.","robots":{"index":"index","follow":"follow","max-snippet":"max-snippet:-1","max-image-preview":"max-image-preview:large","max-video-preview":"max-video-preview:-1"},"canonical":"https:\/\/coletteartsetmatieres.com\/index.php\/produit\/sagesse\/","og_locale":"fr_FR","og_type":"article","og_title":"Sagesse - Colette Arts et Mati\u00e8res.","og_description":"Personnage Myst\u00e8re: A la rencontre d'un bois sec, aux formes complexes et myst\u00e9rieuses! Lui ai-je fait tourner la t\u00eate pour lui trouver une place de valeur? Aujourd'hui le voici en portrait dominant avec sa chevelure d'amarante et de mousse. NON, il n'a pas le nez crochu, c'est peut-\u00eatre un gourmand ou affam\u00e9.... Ce portrait myst\u00e9rieux vous attend.... dans le salon ou la cuisine, quelque part dans votre appartement.  Photos \/ vid\u00e9os\u00a0: Toutes nos images sont sans retouches. Il est toutefois difficile de restituer les v\u00e9ritables couleurs d'un produit. Le rendu des couleurs peut \u00e9galement varier d'un \u00e9cran \u00e0 l'autre.","og_url":"https:\/\/coletteartsetmatieres.com\/index.php\/produit\/sagesse\/","og_site_name":"Colette Arts et Mati\u00e8res.","article_modified_time":"2022-06-06T12:34:59+00:00","og_image":[{"width":1638,"height":1632,"url":"https:\/\/coletteartsetmatieres.com\/wp-content\/uploads\/2022\/05\/sagesse-23-scaled-e1652345416276.jpg","type":"image\/jpeg"}],"twitter_card":"summary_large_image","schema":{"@context":"https:\/\/schema.org","@graph":[{"@type":"WebPage","@id":"https:\/\/coletteartsetmatieres.com\/index.php\/produit\/sagesse\/","url":"https:\/\/coletteartsetmatieres.com\/index.php\/produit\/sagesse\/","name":"Sagesse - Colette Arts et Mati\u00e8res.","isPartOf":{"@id":"https:\/\/coletteartsetmatieres.com\/#website"},"datePublished":"2022-05-12T08:52:45+00:00","dateModified":"2022-06-06T12:34:59+00:00","breadcrumb":{"@id":"https:\/\/coletteartsetmatieres.com\/index.php\/produit\/sagesse\/#breadcrumb"},"inLanguage":"fr-FR","potentialAction":[{"@type":"ReadAction","target":["https:\/\/coletteartsetmatieres.com\/index.php\/produit\/sagesse\/"]}]},{"@type":"BreadcrumbList","@id":"https:\/\/coletteartsetmatieres.com\/index.php\/produit\/sagesse\/#breadcrumb","itemListElement":[{"@type":"ListItem","position":1,"name":"Accueil","item":"https:\/\/coletteartsetmatieres.com\/"},{"@type":"ListItem","position":2,"name":"Sagesse"}]},{"@type":"WebSite","@id":"https:\/\/coletteartsetmatieres.com\/#website","url":"https:\/\/coletteartsetmatieres.com\/","name":"Colette Arts et Mati\u00e8res.","description":"   L&#039;Art du V\u00e9g\u00e9tal et de la Fleur stables et durables","publisher":{"@id":"https:\/\/coletteartsetmatieres.com\/#organization"},"potentialAction":[{"@type":"SearchAction","target":{"@type":"EntryPoint","urlTemplate":"https:\/\/coletteartsetmatieres.com\/?s={search_term_string}"},"query-input":"required name=search_term_string"}],"inLanguage":"fr-FR"},{"@type":"Organization","@id":"https:\/\/coletteartsetmatieres.com\/#organization","name":"Colette Arts et Mati\u00e8res.","url":"https:\/\/coletteartsetmatieres.com\/","sameAs":[],"logo":{"@type":"ImageObject","inLanguage":"fr-FR","@id":"https:\/\/coletteartsetmatieres.com\/#\/schema\/logo\/image\/","url":"https:\/\/coletteartsetmatieres.com\/wp-content\/uploads\/2020\/03\/cropped-Coletteartsetmatieres_logotype-2.png","contentUrl":"https:\/\/coletteartsetmatieres.com\/wp-content\/uploads\/2020\/03\/cropped-Coletteartsetmatieres_logotype-2.png","width":409,"height":250,"caption":"    Colette Arts et Mati\u00e8res. "},"image":{"@id":"https:\/\/coletteartsetmatieres.com\/#\/schema\/logo\/image\/"}}]}},"_links":{"self":[{"href":"https:\/\/coletteartsetmatieres.com\/index.php\/wp-json\/wp\/v2\/product\/1319"}],"collection":[{"href":"https:\/\/coletteartsetmatieres.com\/index.php\/wp-json\/wp\/v2\/product"}],"about":[{"href":"https:\/\/coletteartsetmatieres.com\/index.php\/wp-json\/wp\/v2\/types\/product"}],"replies":[{"embeddable":true,"href":"https:\/\/coletteartsetmatieres.com\/index.php\/wp-json\/wp\/v2\/comments?post=1319"}],"wp:featuredmedia":[{"embeddable":true,"href":"https:\/\/coletteartsetmatieres.com\/index.php\/wp-json\/wp\/v2\/media\/1309"}],"wp:attachment":[{"href":"https:\/\/coletteartsetmatieres.com\/index.php\/wp-json\/wp\/v2\/media?parent=1319"}],"wp:term":[{"taxonomy":"product_cat","embeddable":true,"href":"https:\/\/coletteartsetmatieres.com\/index.php\/wp-json\/wp\/v2\/product_cat?post=1319"},{"taxonomy":"product_tag","embeddable":true,"href":"https:\/\/coletteartsetmatieres.com\/index.php\/wp-json\/wp\/v2\/product_tag?post=1319"}],"curies":[{"name":"wp","href":"https:\/\/api.w.org\/{rel}","templated":true}]}}

<div>
<p>Personnage Mystère: A la rencontre d&rsquo;un bois sec, aux formes complexes et mystérieuses! Lui ai-je fait tourner la tête pour lui trouver une place de valeur? Aujourd&rsquo;hui le voici en portrait dominant avec sa chevelure d&rsquo;amarante et de mousse. NON, il n&rsquo;a pas le nez crochu, c&rsquo;est peut-être un gourmand ou affamé&#8230;. Ce portrait mystérieux vous attend&#8230;. dans le salon ou la cuisine, quelque part dans votre appartement.</p>
<p><strong>Photos / vidéos</strong> : Toutes nos images sont sans retouches. Il est toutefois difficile de restituer les véritables couleurs d&rsquo;un produit. Le rendu des couleurs peut également varier d&rsquo;un écran à l&rsquo;autre.</p>
<p><img loading="lazy" decoding="async" class="alignnone size-medium wp-image-1327" src="https://coletteartsetmatieres.com/wp-content/uploads/2022/05/jbu-removebg-preview-e1652350675257-300x73.png" alt="" width="300" height="73" srcset="https://coletteartsetmatieres.com/wp-content/uploads/2022/05/jbu-removebg-preview-e1652350675257-300x73.png 300w, https://coletteartsetmatieres.com/wp-content/uploads/2022/05/jbu-removebg-preview-e1652350675257-350x85.png 350w, https://coletteartsetmatieres.com/wp-content/uploads/2022/05/jbu-removebg-preview-e1652350675257.png 390w" sizes="(max-width: 300px) 100vw, 300px" /></p>
</div>

<!-- This site is optimized with the Yoast SEO plugin v19.8 - https://yoast.com/wordpress/plugins/seo/ -->
<title>Sagesse - Colette Arts et Matières.</title>
<meta name="robots" content="index, follow, max-snippet:-1, max-image-preview:large, max-video-preview:-1" />
<link rel="canonical" href="https://coletteartsetmatieres.com/index.php/produit/sagesse/" />
<meta property="og:locale" content="fr_FR" />
<meta property="og:type" content="article" />
<meta property="og:title" content="Sagesse - Colette Arts et Matières." />
<meta property="og:description" content="Personnage Mystère: A la rencontre d&#039;un bois sec, aux formes complexes et mystérieuses! Lui ai-je fait tourner la tête pour lui trouver une place de valeur? Aujourd&#039;hui le voici en portrait dominant avec sa chevelure d&#039;amarante et de mousse. NON, il n&#039;a pas le nez crochu, c&#039;est peut-être un gourmand ou affamé.... Ce portrait mystérieux vous attend.... dans le salon ou la cuisine, quelque part dans votre appartement.  Photos / vidéos : Toutes nos images sont sans retouches. Il est toutefois difficile de restituer les véritables couleurs d&#039;un produit. Le rendu des couleurs peut également varier d&#039;un écran à l&#039;autre." />
<meta property="og:url" content="https://coletteartsetmatieres.com/index.php/produit/sagesse/" />
<meta property="og:site_name" content="Colette Arts et Matières." />
<meta property="article:modified_time" content="2022-06-06T12:34:59+00:00" />
<meta property="og:image" content="https://coletteartsetmatieres.com/wp-content/uploads/2022/05/sagesse-23-scaled-e1652345416276.jpg" />
	<meta property="og:image:width" content="1638" />
	<meta property="og:image:height" content="1632" />
	<meta property="og:image:type" content="image/jpeg" />
<meta name="twitter:card" content="summary_large_image" />
<script type="application/ld+json" class="yoast-schema-graph">{"@context":"https://schema.org","@graph":[{"@type":"WebPage","@id":"https://coletteartsetmatieres.com/index.php/produit/sagesse/","url":"https://coletteartsetmatieres.com/index.php/produit/sagesse/","name":"Sagesse - Colette Arts et Matières.","isPartOf":{"@id":"https://coletteartsetmatieres.com/#website"},"datePublished":"2022-05-12T08:52:45+00:00","dateModified":"2022-06-06T12:34:59+00:00","breadcrumb":{"@id":"https://coletteartsetmatieres.com/index.php/produit/sagesse/#breadcrumb"},"inLanguage":"fr-FR","potentialAction":[{"@type":"ReadAction","target":["https://coletteartsetmatieres.com/index.php/produit/sagesse/"]}]},{"@type":"BreadcrumbList","@id":"https://coletteartsetmatieres.com/index.php/produit/sagesse/#breadcrumb","itemListElement":[{"@type":"ListItem","position":1,"name":"Accueil","item":"https://coletteartsetmatieres.com/"},{"@type":"ListItem","position":2,"name":"Sagesse"}]},{"@type":"WebSite","@id":"https://coletteartsetmatieres.com/#website","url":"https://coletteartsetmatieres.com/","name":"Colette Arts et Matières.","description":"   L&#039;Art du Végétal et de la Fleur stables et durables","publisher":{"@id":"https://coletteartsetmatieres.com/#organization"},"potentialAction":[{"@type":"SearchAction","target":{"@type":"EntryPoint","urlTemplate":"https://coletteartsetmatieres.com/?s={search_term_string}"},"query-input":"required name=search_term_string"}],"inLanguage":"fr-FR"},{"@type":"Organization","@id":"https://coletteartsetmatieres.com/#organization","name":"Colette Arts et Matières.","url":"https://coletteartsetmatieres.com/","sameAs":[],"logo":{"@type":"ImageObject","inLanguage":"fr-FR","@id":"https://coletteartsetmatieres.com/#/schema/logo/image/","url":"https://coletteartsetmatieres.com/wp-content/uploads/2020/03/cropped-Coletteartsetmatieres_logotype-2.png","contentUrl":"https://coletteartsetmatieres.com/wp-content/uploads/2020/03/cropped-Coletteartsetmatieres_logotype-2.png","width":409,"height":250,"caption":"    Colette Arts et Matières. "},"image":{"@id":"https://coletteartsetmatieres.com/#/schema/logo/image/"}}]}</script>
<!-- / Yoast SEO plugin. -->

Sagesse - Colette Arts et Matières.

Personnage Mystère: A la rencontre d'un bois sec, aux formes complexes et mystérieuses! Lui ai-je fait tourner la tête pour lui trouver une place de valeur? Aujourd'hui le voici en portrait dominant avec sa chevelure d'amarante et de mousse. NON, il n'a pas le nez crochu, c'est peut-être un gourmand ou affamé.... Ce portrait mystérieux vous attend.... dans le salon ou la cuisine, quelque part dans votre appartement.  Photos / vidéos : Toutes nos images sont sans retouches. Il est toutefois difficile de restituer les véritables couleurs d'un produit. Le rendu des couleurs peut également varier d'un écran à l'autre.

Colette Arts et Matières.

L&#039;Art du Végétal et de la Fleur stables et durables
