{"id":1337,"date":"2022-05-15T22:39:48","date_gmt":"2022-05-15T20:39:48","guid":{"rendered":"https:\/\/coletteartsetmatieres.com\/?post_type=product&#038;p=1337"},"modified":"2022-06-06T14:31:29","modified_gmt":"2022-06-06T12:31:29","slug":"elfe","status":"publish","type":"product","link":"https:\/\/coletteartsetmatieres.com\/index.php\/produit\/elfe\/","title":{"rendered":"Elfe"},"content":{"rendered":"<div>\n<div>\n<p><strong>Elements :<\/strong><\/p>\n<p>Fil m\u00e9tallique recycl\u00e9, cuivre, aluminium et fer color\u00e9<\/p>\n<p><strong>Dimensions :<\/strong><\/p>\n<div>\n<p>H : 35cm L : 12cm A la demande<\/p>\n<\/div>\n<\/div>\n<\/div>\n","protected":false},"excerpt":{"rendered":"<div>\n<p>Une f\u00e9e pour vous prot\u00e9ger! Attendrissante et f\u00e9minine, elle apporte une atmosph\u00e8re bienveillante et rassurante pour toute la famille. Un objet unique avec un travail fin et minutieux pour un r\u00eave f\u00e9erique. Con\u00e7ue tout en fil m\u00e9tallique recycl\u00e9, et quelques heures de montage&#8230; vous saurez appr\u00e9cier cette sculpture peu ordinaire en lui apportant quelques confidences&#8230;.<\/p>\n<p><img loading=\"lazy\" decoding=\"async\" class=\"alignnone size-medium wp-image-1327\" src=\"https:\/\/coletteartsetmatieres.com\/wp-content\/uploads\/2022\/05\/jbu-removebg-preview-e1652350675257-300x73.png\" alt=\"\" width=\"300\" height=\"73\" srcset=\"https:\/\/coletteartsetmatieres.com\/wp-content\/uploads\/2022\/05\/jbu-removebg-preview-e1652350675257-300x73.png 300w, https:\/\/coletteartsetmatieres.com\/wp-content\/uploads\/2022\/05\/jbu-removebg-preview-e1652350675257-350x85.png 350w, https:\/\/coletteartsetmatieres.com\/wp-content\/uploads\/2022\/05\/jbu-removebg-preview-e1652350675257.png 390w\" sizes=\"(max-width: 300px) 100vw, 300px\" \/><\/p>\n<\/div>\n","protected":false},"featured_media":1338,"comment_status":"open","ping_status":"closed","template":"","meta":{"_vp_format_video_url":"","_vp_image_focal_point":[]},"product_cat":[74,62],"product_tag":[],"yoast_head":"<!-- This site is optimized with the Yoast SEO plugin v19.8 - https:\/\/yoast.com\/wordpress\/plugins\/seo\/ -->\n<title>Elfe - Colette Arts et Mati\u00e8res.<\/title>\n<meta name=\"robots\" content=\"index, follow, max-snippet:-1, max-image-preview:large, max-video-preview:-1\" \/>\n<link rel=\"canonical\" href=\"https:\/\/coletteartsetmatieres.com\/index.php\/produit\/elfe\/\" \/>\n<meta property=\"og:locale\" content=\"fr_FR\" \/>\n<meta property=\"og:type\" content=\"article\" \/>\n<meta property=\"og:title\" content=\"Elfe - Colette Arts et Mati\u00e8res.\" \/>\n<meta property=\"og:description\" content=\"Une f\u00e9e pour vous prot\u00e9ger! Attendrissante et f\u00e9minine, elle apporte une atmosph\u00e8re bienveillante et rassurante pour toute la famille. Un objet unique avec un travail fin et minutieux pour un r\u00eave f\u00e9erique. Con\u00e7ue tout en fil m\u00e9tallique recycl\u00e9, et quelques heures de montage... vous saurez appr\u00e9cier cette sculpture peu ordinaire en lui apportant quelques confidences....\" \/>\n<meta property=\"og:url\" content=\"https:\/\/coletteartsetmatieres.com\/index.php\/produit\/elfe\/\" \/>\n<meta property=\"og:site_name\" content=\"Colette Arts et Mati\u00e8res.\" \/>\n<meta property=\"article:modified_time\" content=\"2022-06-06T12:31:29+00:00\" \/>\n<meta property=\"og:image\" content=\"https:\/\/coletteartsetmatieres.com\/wp-content\/uploads\/2022\/05\/Colette-26-scaled-e1653740688213.jpg\" \/>\n\t<meta property=\"og:image:width\" content=\"1696\" \/>\n\t<meta property=\"og:image:height\" content=\"2304\" \/>\n\t<meta property=\"og:image:type\" content=\"image\/jpeg\" \/>\n<meta name=\"twitter:card\" content=\"summary_large_image\" \/>\n<script type=\"application\/ld+json\" class=\"yoast-schema-graph\">{\"@context\":\"https:\/\/schema.org\",\"@graph\":[{\"@type\":\"WebPage\",\"@id\":\"https:\/\/coletteartsetmatieres.com\/index.php\/produit\/elfe\/\",\"url\":\"https:\/\/coletteartsetmatieres.com\/index.php\/produit\/elfe\/\",\"name\":\"Elfe - Colette Arts et Mati\u00e8res.\",\"isPartOf\":{\"@id\":\"https:\/\/coletteartsetmatieres.com\/#website\"},\"datePublished\":\"2022-05-15T20:39:48+00:00\",\"dateModified\":\"2022-06-06T12:31:29+00:00\",\"breadcrumb\":{\"@id\":\"https:\/\/coletteartsetmatieres.com\/index.php\/produit\/elfe\/#breadcrumb\"},\"inLanguage\":\"fr-FR\",\"potentialAction\":[{\"@type\":\"ReadAction\",\"target\":[\"https:\/\/coletteartsetmatieres.com\/index.php\/produit\/elfe\/\"]}]},{\"@type\":\"BreadcrumbList\",\"@id\":\"https:\/\/coletteartsetmatieres.com\/index.php\/produit\/elfe\/#breadcrumb\",\"itemListElement\":[{\"@type\":\"ListItem\",\"position\":1,\"name\":\"Accueil\",\"item\":\"https:\/\/coletteartsetmatieres.com\/\"},{\"@type\":\"ListItem\",\"position\":2,\"name\":\"Elfe\"}]},{\"@type\":\"WebSite\",\"@id\":\"https:\/\/coletteartsetmatieres.com\/#website\",\"url\":\"https:\/\/coletteartsetmatieres.com\/\",\"name\":\"Colette Arts et Mati\u00e8res.\",\"description\":\"   L&#039;Art du V\u00e9g\u00e9tal et de la Fleur stables et durables\",\"publisher\":{\"@id\":\"https:\/\/coletteartsetmatieres.com\/#organization\"},\"potentialAction\":[{\"@type\":\"SearchAction\",\"target\":{\"@type\":\"EntryPoint\",\"urlTemplate\":\"https:\/\/coletteartsetmatieres.com\/?s={search_term_string}\"},\"query-input\":\"required name=search_term_string\"}],\"inLanguage\":\"fr-FR\"},{\"@type\":\"Organization\",\"@id\":\"https:\/\/coletteartsetmatieres.com\/#organization\",\"name\":\"Colette Arts et Mati\u00e8res.\",\"url\":\"https:\/\/coletteartsetmatieres.com\/\",\"sameAs\":[],\"logo\":{\"@type\":\"ImageObject\",\"inLanguage\":\"fr-FR\",\"@id\":\"https:\/\/coletteartsetmatieres.com\/#\/schema\/logo\/image\/\",\"url\":\"https:\/\/coletteartsetmatieres.com\/wp-content\/uploads\/2020\/03\/cropped-Coletteartsetmatieres_logotype-2.png\",\"contentUrl\":\"https:\/\/coletteartsetmatieres.com\/wp-content\/uploads\/2020\/03\/cropped-Coletteartsetmatieres_logotype-2.png\",\"width\":409,\"height\":250,\"caption\":\"    Colette Arts et Mati\u00e8res. \"},\"image\":{\"@id\":\"https:\/\/coletteartsetmatieres.com\/#\/schema\/logo\/image\/\"}}]}<\/script>\n<!-- \/ Yoast SEO plugin. -->","yoast_head_json":{"title":"Elfe - Colette Arts et Mati\u00e8res.","robots":{"index":"index","follow":"follow","max-snippet":"max-snippet:-1","max-image-preview":"max-image-preview:large","max-video-preview":"max-video-preview:-1"},"canonical":"https:\/\/coletteartsetmatieres.com\/index.php\/produit\/elfe\/","og_locale":"fr_FR","og_type":"article","og_title":"Elfe - Colette Arts et Mati\u00e8res.","og_description":"Une f\u00e9e pour vous prot\u00e9ger! Attendrissante et f\u00e9minine, elle apporte une atmosph\u00e8re bienveillante et rassurante pour toute la famille. Un objet unique avec un travail fin et minutieux pour un r\u00eave f\u00e9erique. Con\u00e7ue tout en fil m\u00e9tallique recycl\u00e9, et quelques heures de montage... vous saurez appr\u00e9cier cette sculpture peu ordinaire en lui apportant quelques confidences....","og_url":"https:\/\/coletteartsetmatieres.com\/index.php\/produit\/elfe\/","og_site_name":"Colette Arts et Mati\u00e8res.","article_modified_time":"2022-06-06T12:31:29+00:00","og_image":[{"width":1696,"height":2304,"url":"https:\/\/coletteartsetmatieres.com\/wp-content\/uploads\/2022\/05\/Colette-26-scaled-e1653740688213.jpg","type":"image\/jpeg"}],"twitter_card":"summary_large_image","schema":{"@context":"https:\/\/schema.org","@graph":[{"@type":"WebPage","@id":"https:\/\/coletteartsetmatieres.com\/index.php\/produit\/elfe\/","url":"https:\/\/coletteartsetmatieres.com\/index.php\/produit\/elfe\/","name":"Elfe - Colette Arts et Mati\u00e8res.","isPartOf":{"@id":"https:\/\/coletteartsetmatieres.com\/#website"},"datePublished":"2022-05-15T20:39:48+00:00","dateModified":"2022-06-06T12:31:29+00:00","breadcrumb":{"@id":"https:\/\/coletteartsetmatieres.com\/index.php\/produit\/elfe\/#breadcrumb"},"inLanguage":"fr-FR","potentialAction":[{"@type":"ReadAction","target":["https:\/\/coletteartsetmatieres.com\/index.php\/produit\/elfe\/"]}]},{"@type":"BreadcrumbList","@id":"https:\/\/coletteartsetmatieres.com\/index.php\/produit\/elfe\/#breadcrumb","itemListElement":[{"@type":"ListItem","position":1,"name":"Accueil","item":"https:\/\/coletteartsetmatieres.com\/"},{"@type":"ListItem","position":2,"name":"Elfe"}]},{"@type":"WebSite","@id":"https:\/\/coletteartsetmatieres.com\/#website","url":"https:\/\/coletteartsetmatieres.com\/","name":"Colette Arts et Mati\u00e8res.","description":"   L&#039;Art du V\u00e9g\u00e9tal et de la Fleur stables et durables","publisher":{"@id":"https:\/\/coletteartsetmatieres.com\/#organization"},"potentialAction":[{"@type":"SearchAction","target":{"@type":"EntryPoint","urlTemplate":"https:\/\/coletteartsetmatieres.com\/?s={search_term_string}"},"query-input":"required name=search_term_string"}],"inLanguage":"fr-FR"},{"@type":"Organization","@id":"https:\/\/coletteartsetmatieres.com\/#organization","name":"Colette Arts et Mati\u00e8res.","url":"https:\/\/coletteartsetmatieres.com\/","sameAs":[],"logo":{"@type":"ImageObject","inLanguage":"fr-FR","@id":"https:\/\/coletteartsetmatieres.com\/#\/schema\/logo\/image\/","url":"https:\/\/coletteartsetmatieres.com\/wp-content\/uploads\/2020\/03\/cropped-Coletteartsetmatieres_logotype-2.png","contentUrl":"https:\/\/coletteartsetmatieres.com\/wp-content\/uploads\/2020\/03\/cropped-Coletteartsetmatieres_logotype-2.png","width":409,"height":250,"caption":"    Colette Arts et Mati\u00e8res. "},"image":{"@id":"https:\/\/coletteartsetmatieres.com\/#\/schema\/logo\/image\/"}}]}},"_links":{"self":[{"href":"https:\/\/coletteartsetmatieres.com\/index.php\/wp-json\/wp\/v2\/product\/1337"}],"collection":[{"href":"https:\/\/coletteartsetmatieres.com\/index.php\/wp-json\/wp\/v2\/product"}],"about":[{"href":"https:\/\/coletteartsetmatieres.com\/index.php\/wp-json\/wp\/v2\/types\/product"}],"replies":[{"embeddable":true,"href":"https:\/\/coletteartsetmatieres.com\/index.php\/wp-json\/wp\/v2\/comments?post=1337"}],"wp:featuredmedia":[{"embeddable":true,"href":"https:\/\/coletteartsetmatieres.com\/index.php\/wp-json\/wp\/v2\/media\/1338"}],"wp:attachment":[{"href":"https:\/\/coletteartsetmatieres.com\/index.php\/wp-json\/wp\/v2\/media?parent=1337"}],"wp:term":[{"taxonomy":"product_cat","embeddable":true,"href":"https:\/\/coletteartsetmatieres.com\/index.php\/wp-json\/wp\/v2\/product_cat?post=1337"},{"taxonomy":"product_tag","embeddable":true,"href":"https:\/\/coletteartsetmatieres.com\/index.php\/wp-json\/wp\/v2\/product_tag?post=1337"}],"curies":[{"name":"wp","href":"https:\/\/api.w.org\/{rel}","templated":true}]}}

<div>
<div>
<p><strong>Elements :</strong></p>
<p>Fil métallique recyclé, cuivre, aluminium et fer coloré</p>
<p><strong>Dimensions :</strong></p>
<div>
<p>H : 35cm L : 12cm A la demande</p>
</div>
</div>
</div>

<div>
<p>Une fée pour vous protéger! Attendrissante et féminine, elle apporte une atmosphère bienveillante et rassurante pour toute la famille. Un objet unique avec un travail fin et minutieux pour un rêve féerique. Conçue tout en fil métallique recyclé, et quelques heures de montage&#8230; vous saurez apprécier cette sculpture peu ordinaire en lui apportant quelques confidences&#8230;.</p>
<p><img loading="lazy" decoding="async" class="alignnone size-medium wp-image-1327" src="https://coletteartsetmatieres.com/wp-content/uploads/2022/05/jbu-removebg-preview-e1652350675257-300x73.png" alt="" width="300" height="73" srcset="https://coletteartsetmatieres.com/wp-content/uploads/2022/05/jbu-removebg-preview-e1652350675257-300x73.png 300w, https://coletteartsetmatieres.com/wp-content/uploads/2022/05/jbu-removebg-preview-e1652350675257-350x85.png 350w, https://coletteartsetmatieres.com/wp-content/uploads/2022/05/jbu-removebg-preview-e1652350675257.png 390w" sizes="(max-width: 300px) 100vw, 300px" /></p>
</div>

<!-- This site is optimized with the Yoast SEO plugin v19.8 - https://yoast.com/wordpress/plugins/seo/ -->
<title>Elfe - Colette Arts et Matières.</title>
<meta name="robots" content="index, follow, max-snippet:-1, max-image-preview:large, max-video-preview:-1" />
<link rel="canonical" href="https://coletteartsetmatieres.com/index.php/produit/elfe/" />
<meta property="og:locale" content="fr_FR" />
<meta property="og:type" content="article" />
<meta property="og:title" content="Elfe - Colette Arts et Matières." />
<meta property="og:description" content="Une fée pour vous protéger! Attendrissante et féminine, elle apporte une atmosphère bienveillante et rassurante pour toute la famille. Un objet unique avec un travail fin et minutieux pour un rêve féerique. Conçue tout en fil métallique recyclé, et quelques heures de montage... vous saurez apprécier cette sculpture peu ordinaire en lui apportant quelques confidences...." />
<meta property="og:url" content="https://coletteartsetmatieres.com/index.php/produit/elfe/" />
<meta property="og:site_name" content="Colette Arts et Matières." />
<meta property="article:modified_time" content="2022-06-06T12:31:29+00:00" />
<meta property="og:image" content="https://coletteartsetmatieres.com/wp-content/uploads/2022/05/Colette-26-scaled-e1653740688213.jpg" />
	<meta property="og:image:width" content="1696" />
	<meta property="og:image:height" content="2304" />
	<meta property="og:image:type" content="image/jpeg" />
<meta name="twitter:card" content="summary_large_image" />
<script type="application/ld+json" class="yoast-schema-graph">{"@context":"https://schema.org","@graph":[{"@type":"WebPage","@id":"https://coletteartsetmatieres.com/index.php/produit/elfe/","url":"https://coletteartsetmatieres.com/index.php/produit/elfe/","name":"Elfe - Colette Arts et Matières.","isPartOf":{"@id":"https://coletteartsetmatieres.com/#website"},"datePublished":"2022-05-15T20:39:48+00:00","dateModified":"2022-06-06T12:31:29+00:00","breadcrumb":{"@id":"https://coletteartsetmatieres.com/index.php/produit/elfe/#breadcrumb"},"inLanguage":"fr-FR","potentialAction":[{"@type":"ReadAction","target":["https://coletteartsetmatieres.com/index.php/produit/elfe/"]}]},{"@type":"BreadcrumbList","@id":"https://coletteartsetmatieres.com/index.php/produit/elfe/#breadcrumb","itemListElement":[{"@type":"ListItem","position":1,"name":"Accueil","item":"https://coletteartsetmatieres.com/"},{"@type":"ListItem","position":2,"name":"Elfe"}]},{"@type":"WebSite","@id":"https://coletteartsetmatieres.com/#website","url":"https://coletteartsetmatieres.com/","name":"Colette Arts et Matières.","description":"   L&#039;Art du Végétal et de la Fleur stables et durables","publisher":{"@id":"https://coletteartsetmatieres.com/#organization"},"potentialAction":[{"@type":"SearchAction","target":{"@type":"EntryPoint","urlTemplate":"https://coletteartsetmatieres.com/?s={search_term_string}"},"query-input":"required name=search_term_string"}],"inLanguage":"fr-FR"},{"@type":"Organization","@id":"https://coletteartsetmatieres.com/#organization","name":"Colette Arts et Matières.","url":"https://coletteartsetmatieres.com/","sameAs":[],"logo":{"@type":"ImageObject","inLanguage":"fr-FR","@id":"https://coletteartsetmatieres.com/#/schema/logo/image/","url":"https://coletteartsetmatieres.com/wp-content/uploads/2020/03/cropped-Coletteartsetmatieres_logotype-2.png","contentUrl":"https://coletteartsetmatieres.com/wp-content/uploads/2020/03/cropped-Coletteartsetmatieres_logotype-2.png","width":409,"height":250,"caption":"    Colette Arts et Matières. "},"image":{"@id":"https://coletteartsetmatieres.com/#/schema/logo/image/"}}]}</script>
<!-- / Yoast SEO plugin. -->

Elfe - Colette Arts et Matières.

Une fée pour vous protéger! Attendrissante et féminine, elle apporte une atmosphère bienveillante et rassurante pour toute la famille. Un objet unique avec un travail fin et minutieux pour un rêve féerique. Conçue tout en fil métallique recyclé, et quelques heures de montage... vous saurez apprécier cette sculpture peu ordinaire en lui apportant quelques confidences....

Colette Arts et Matières.

L&#039;Art du Végétal et de la Fleur stables et durables
