{"id":1342,"date":"2022-05-15T23:06:27","date_gmt":"2022-05-15T21:06:27","guid":{"rendered":"https:\/\/coletteartsetmatieres.com\/?post_type=product&#038;p=1342"},"modified":"2022-06-06T14:24:11","modified_gmt":"2022-06-06T12:24:11","slug":"liege-lichen","status":"publish","type":"product","link":"https:\/\/coletteartsetmatieres.com\/index.php\/produit\/liege-lichen\/","title":{"rendered":"Li\u00e8ge lichen"},"content":{"rendered":"<div>\n<div>\n<p><strong>Elements :<\/strong><\/p>\n<p>bois de li\u00e8ge sec mont\u00e9 sur socle bois sabl\u00e9 avec lichen<\/p>\n<p><strong>Dimensions :<\/strong><\/p>\n<div>\n<p>H : 34cm L : 20cm P : 17ccm<\/p>\n<\/div>\n<\/div>\n<\/div>\n","protected":false},"excerpt":{"rendered":"<div>\n<p>Ecorce de li\u00e8ge glan\u00e9e: tout juste id\u00e9al pour cr\u00e9er une lampe d&rsquo;ambiance! Avec ou sans led \u00e0 l&rsquo;int\u00e9rieur du bois, cette sculpture sobre et naturelle accompagne notre bien-\u00eatre en toute bienveillance. La mati\u00e8re noble du ch\u00eane li\u00e8ge et sa texture complexe forment un ensemble fascinant et chaleureux. Les fibres de lichen fix\u00e9es dans les interstices apportent une nouvelle vie au bois mort. Une occasion unique d&rsquo;offrir ce genre de cadeau aux ados pour une approche sympathique vers la nature.<\/p>\n<p><strong>Photos \/ vid\u00e9os<\/strong>\u00a0: Toutes nos images sont sans retouches. Il est toutefois difficile de restituer les v\u00e9ritables couleurs d&rsquo;un produit. Le rendu des couleurs peut \u00e9galement varier d&rsquo;un \u00e9cran \u00e0 l&rsquo;autre.<\/p>\n<div>\n<p><img loading=\"lazy\" decoding=\"async\" class=\"alignnone size-medium wp-image-1327\" src=\"https:\/\/coletteartsetmatieres.com\/wp-content\/uploads\/2022\/05\/jbu-removebg-preview-e1652350675257-300x73.png\" alt=\"\" width=\"300\" height=\"73\" srcset=\"https:\/\/coletteartsetmatieres.com\/wp-content\/uploads\/2022\/05\/jbu-removebg-preview-e1652350675257-300x73.png 300w, https:\/\/coletteartsetmatieres.com\/wp-content\/uploads\/2022\/05\/jbu-removebg-preview-e1652350675257-350x85.png 350w, https:\/\/coletteartsetmatieres.com\/wp-content\/uploads\/2022\/05\/jbu-removebg-preview-e1652350675257.png 390w\" sizes=\"(max-width: 300px) 100vw, 300px\" \/><\/p>\n<\/div>\n<\/div>\n","protected":false},"featured_media":1343,"comment_status":"open","ping_status":"closed","template":"","meta":{"_vp_format_video_url":"","_vp_image_focal_point":[]},"product_cat":[48,62],"product_tag":[],"yoast_head":"<!-- This site is optimized with the Yoast SEO plugin v19.8 - https:\/\/yoast.com\/wordpress\/plugins\/seo\/ -->\n<title>Li\u00e8ge lichen - Colette Arts et Mati\u00e8res.<\/title>\n<meta name=\"robots\" content=\"index, follow, max-snippet:-1, max-image-preview:large, max-video-preview:-1\" \/>\n<link rel=\"canonical\" href=\"https:\/\/coletteartsetmatieres.com\/index.php\/produit\/liege-lichen\/\" \/>\n<meta property=\"og:locale\" content=\"fr_FR\" \/>\n<meta property=\"og:type\" content=\"article\" \/>\n<meta property=\"og:title\" content=\"Li\u00e8ge lichen - Colette Arts et Mati\u00e8res.\" \/>\n<meta property=\"og:description\" content=\"Ecorce de li\u00e8ge glan\u00e9e: tout juste id\u00e9al pour cr\u00e9er une lampe d&#039;ambiance! Avec ou sans led \u00e0 l&#039;int\u00e9rieur du bois, cette sculpture sobre et naturelle accompagne notre bien-\u00eatre en toute bienveillance. La mati\u00e8re noble du ch\u00eane li\u00e8ge et sa texture complexe forment un ensemble fascinant et chaleureux. Les fibres de lichen fix\u00e9es dans les interstices apportent une nouvelle vie au bois mort. Une occasion unique d&#039;offrir ce genre de cadeau aux ados pour une approche sympathique vers la nature.  Photos \/ vid\u00e9os\u00a0: Toutes nos images sont sans retouches. Il est toutefois difficile de restituer les v\u00e9ritables couleurs d&#039;un produit. Le rendu des couleurs peut \u00e9galement varier d&#039;un \u00e9cran \u00e0 l&#039;autre.\" \/>\n<meta property=\"og:url\" content=\"https:\/\/coletteartsetmatieres.com\/index.php\/produit\/liege-lichen\/\" \/>\n<meta property=\"og:site_name\" content=\"Colette Arts et Mati\u00e8res.\" \/>\n<meta property=\"article:modified_time\" content=\"2022-06-06T12:24:11+00:00\" \/>\n<meta property=\"og:image\" content=\"https:\/\/coletteartsetmatieres.com\/wp-content\/uploads\/2022\/05\/Colette-55-scaled.jpg\" \/>\n\t<meta property=\"og:image:width\" content=\"1707\" \/>\n\t<meta property=\"og:image:height\" content=\"2560\" \/>\n\t<meta property=\"og:image:type\" content=\"image\/jpeg\" \/>\n<meta name=\"twitter:card\" content=\"summary_large_image\" \/>\n<script type=\"application\/ld+json\" class=\"yoast-schema-graph\">{\"@context\":\"https:\/\/schema.org\",\"@graph\":[{\"@type\":\"WebPage\",\"@id\":\"https:\/\/coletteartsetmatieres.com\/index.php\/produit\/liege-lichen\/\",\"url\":\"https:\/\/coletteartsetmatieres.com\/index.php\/produit\/liege-lichen\/\",\"name\":\"Li\u00e8ge lichen - Colette Arts et Mati\u00e8res.\",\"isPartOf\":{\"@id\":\"https:\/\/coletteartsetmatieres.com\/#website\"},\"datePublished\":\"2022-05-15T21:06:27+00:00\",\"dateModified\":\"2022-06-06T12:24:11+00:00\",\"breadcrumb\":{\"@id\":\"https:\/\/coletteartsetmatieres.com\/index.php\/produit\/liege-lichen\/#breadcrumb\"},\"inLanguage\":\"fr-FR\",\"potentialAction\":[{\"@type\":\"ReadAction\",\"target\":[\"https:\/\/coletteartsetmatieres.com\/index.php\/produit\/liege-lichen\/\"]}]},{\"@type\":\"BreadcrumbList\",\"@id\":\"https:\/\/coletteartsetmatieres.com\/index.php\/produit\/liege-lichen\/#breadcrumb\",\"itemListElement\":[{\"@type\":\"ListItem\",\"position\":1,\"name\":\"Accueil\",\"item\":\"https:\/\/coletteartsetmatieres.com\/\"},{\"@type\":\"ListItem\",\"position\":2,\"name\":\"Li\u00e8ge lichen\"}]},{\"@type\":\"WebSite\",\"@id\":\"https:\/\/coletteartsetmatieres.com\/#website\",\"url\":\"https:\/\/coletteartsetmatieres.com\/\",\"name\":\"Colette Arts et Mati\u00e8res.\",\"description\":\"   L&#039;Art du V\u00e9g\u00e9tal et de la Fleur stables et durables\",\"publisher\":{\"@id\":\"https:\/\/coletteartsetmatieres.com\/#organization\"},\"potentialAction\":[{\"@type\":\"SearchAction\",\"target\":{\"@type\":\"EntryPoint\",\"urlTemplate\":\"https:\/\/coletteartsetmatieres.com\/?s={search_term_string}\"},\"query-input\":\"required name=search_term_string\"}],\"inLanguage\":\"fr-FR\"},{\"@type\":\"Organization\",\"@id\":\"https:\/\/coletteartsetmatieres.com\/#organization\",\"name\":\"Colette Arts et Mati\u00e8res.\",\"url\":\"https:\/\/coletteartsetmatieres.com\/\",\"sameAs\":[],\"logo\":{\"@type\":\"ImageObject\",\"inLanguage\":\"fr-FR\",\"@id\":\"https:\/\/coletteartsetmatieres.com\/#\/schema\/logo\/image\/\",\"url\":\"https:\/\/coletteartsetmatieres.com\/wp-content\/uploads\/2020\/03\/cropped-Coletteartsetmatieres_logotype-2.png\",\"contentUrl\":\"https:\/\/coletteartsetmatieres.com\/wp-content\/uploads\/2020\/03\/cropped-Coletteartsetmatieres_logotype-2.png\",\"width\":409,\"height\":250,\"caption\":\"    Colette Arts et Mati\u00e8res. \"},\"image\":{\"@id\":\"https:\/\/coletteartsetmatieres.com\/#\/schema\/logo\/image\/\"}}]}<\/script>\n<!-- \/ Yoast SEO plugin. -->","yoast_head_json":{"title":"Li\u00e8ge lichen - Colette Arts et Mati\u00e8res.","robots":{"index":"index","follow":"follow","max-snippet":"max-snippet:-1","max-image-preview":"max-image-preview:large","max-video-preview":"max-video-preview:-1"},"canonical":"https:\/\/coletteartsetmatieres.com\/index.php\/produit\/liege-lichen\/","og_locale":"fr_FR","og_type":"article","og_title":"Li\u00e8ge lichen - Colette Arts et Mati\u00e8res.","og_description":"Ecorce de li\u00e8ge glan\u00e9e: tout juste id\u00e9al pour cr\u00e9er une lampe d'ambiance! Avec ou sans led \u00e0 l'int\u00e9rieur du bois, cette sculpture sobre et naturelle accompagne notre bien-\u00eatre en toute bienveillance. La mati\u00e8re noble du ch\u00eane li\u00e8ge et sa texture complexe forment un ensemble fascinant et chaleureux. Les fibres de lichen fix\u00e9es dans les interstices apportent une nouvelle vie au bois mort. Une occasion unique d'offrir ce genre de cadeau aux ados pour une approche sympathique vers la nature.  Photos \/ vid\u00e9os\u00a0: Toutes nos images sont sans retouches. Il est toutefois difficile de restituer les v\u00e9ritables couleurs d'un produit. Le rendu des couleurs peut \u00e9galement varier d'un \u00e9cran \u00e0 l'autre.","og_url":"https:\/\/coletteartsetmatieres.com\/index.php\/produit\/liege-lichen\/","og_site_name":"Colette Arts et Mati\u00e8res.","article_modified_time":"2022-06-06T12:24:11+00:00","og_image":[{"width":1707,"height":2560,"url":"https:\/\/coletteartsetmatieres.com\/wp-content\/uploads\/2022\/05\/Colette-55-scaled.jpg","type":"image\/jpeg"}],"twitter_card":"summary_large_image","schema":{"@context":"https:\/\/schema.org","@graph":[{"@type":"WebPage","@id":"https:\/\/coletteartsetmatieres.com\/index.php\/produit\/liege-lichen\/","url":"https:\/\/coletteartsetmatieres.com\/index.php\/produit\/liege-lichen\/","name":"Li\u00e8ge lichen - Colette Arts et Mati\u00e8res.","isPartOf":{"@id":"https:\/\/coletteartsetmatieres.com\/#website"},"datePublished":"2022-05-15T21:06:27+00:00","dateModified":"2022-06-06T12:24:11+00:00","breadcrumb":{"@id":"https:\/\/coletteartsetmatieres.com\/index.php\/produit\/liege-lichen\/#breadcrumb"},"inLanguage":"fr-FR","potentialAction":[{"@type":"ReadAction","target":["https:\/\/coletteartsetmatieres.com\/index.php\/produit\/liege-lichen\/"]}]},{"@type":"BreadcrumbList","@id":"https:\/\/coletteartsetmatieres.com\/index.php\/produit\/liege-lichen\/#breadcrumb","itemListElement":[{"@type":"ListItem","position":1,"name":"Accueil","item":"https:\/\/coletteartsetmatieres.com\/"},{"@type":"ListItem","position":2,"name":"Li\u00e8ge lichen"}]},{"@type":"WebSite","@id":"https:\/\/coletteartsetmatieres.com\/#website","url":"https:\/\/coletteartsetmatieres.com\/","name":"Colette Arts et Mati\u00e8res.","description":"   L&#039;Art du V\u00e9g\u00e9tal et de la Fleur stables et durables","publisher":{"@id":"https:\/\/coletteartsetmatieres.com\/#organization"},"potentialAction":[{"@type":"SearchAction","target":{"@type":"EntryPoint","urlTemplate":"https:\/\/coletteartsetmatieres.com\/?s={search_term_string}"},"query-input":"required name=search_term_string"}],"inLanguage":"fr-FR"},{"@type":"Organization","@id":"https:\/\/coletteartsetmatieres.com\/#organization","name":"Colette Arts et Mati\u00e8res.","url":"https:\/\/coletteartsetmatieres.com\/","sameAs":[],"logo":{"@type":"ImageObject","inLanguage":"fr-FR","@id":"https:\/\/coletteartsetmatieres.com\/#\/schema\/logo\/image\/","url":"https:\/\/coletteartsetmatieres.com\/wp-content\/uploads\/2020\/03\/cropped-Coletteartsetmatieres_logotype-2.png","contentUrl":"https:\/\/coletteartsetmatieres.com\/wp-content\/uploads\/2020\/03\/cropped-Coletteartsetmatieres_logotype-2.png","width":409,"height":250,"caption":"    Colette Arts et Mati\u00e8res. "},"image":{"@id":"https:\/\/coletteartsetmatieres.com\/#\/schema\/logo\/image\/"}}]}},"_links":{"self":[{"href":"https:\/\/coletteartsetmatieres.com\/index.php\/wp-json\/wp\/v2\/product\/1342"}],"collection":[{"href":"https:\/\/coletteartsetmatieres.com\/index.php\/wp-json\/wp\/v2\/product"}],"about":[{"href":"https:\/\/coletteartsetmatieres.com\/index.php\/wp-json\/wp\/v2\/types\/product"}],"replies":[{"embeddable":true,"href":"https:\/\/coletteartsetmatieres.com\/index.php\/wp-json\/wp\/v2\/comments?post=1342"}],"wp:featuredmedia":[{"embeddable":true,"href":"https:\/\/coletteartsetmatieres.com\/index.php\/wp-json\/wp\/v2\/media\/1343"}],"wp:attachment":[{"href":"https:\/\/coletteartsetmatieres.com\/index.php\/wp-json\/wp\/v2\/media?parent=1342"}],"wp:term":[{"taxonomy":"product_cat","embeddable":true,"href":"https:\/\/coletteartsetmatieres.com\/index.php\/wp-json\/wp\/v2\/product_cat?post=1342"},{"taxonomy":"product_tag","embeddable":true,"href":"https:\/\/coletteartsetmatieres.com\/index.php\/wp-json\/wp\/v2\/product_tag?post=1342"}],"curies":[{"name":"wp","href":"https:\/\/api.w.org\/{rel}","templated":true}]}}

Liège lichen

<div>
<div>
<p><strong>Elements :</strong></p>
<p>bois de liège sec monté sur socle bois sablé avec lichen</p>
<p><strong>Dimensions :</strong></p>
<div>
<p>H : 34cm L : 20cm P : 17ccm</p>
</div>
</div>
</div>

<div>
<p>Ecorce de liège glanée: tout juste idéal pour créer une lampe d&rsquo;ambiance! Avec ou sans led à l&rsquo;intérieur du bois, cette sculpture sobre et naturelle accompagne notre bien-être en toute bienveillance. La matière noble du chêne liège et sa texture complexe forment un ensemble fascinant et chaleureux. Les fibres de lichen fixées dans les interstices apportent une nouvelle vie au bois mort. Une occasion unique d&rsquo;offrir ce genre de cadeau aux ados pour une approche sympathique vers la nature.</p>
<p><strong>Photos / vidéos</strong> : Toutes nos images sont sans retouches. Il est toutefois difficile de restituer les véritables couleurs d&rsquo;un produit. Le rendu des couleurs peut également varier d&rsquo;un écran à l&rsquo;autre.</p>
<div>
<p><img loading="lazy" decoding="async" class="alignnone size-medium wp-image-1327" src="https://coletteartsetmatieres.com/wp-content/uploads/2022/05/jbu-removebg-preview-e1652350675257-300x73.png" alt="" width="300" height="73" srcset="https://coletteartsetmatieres.com/wp-content/uploads/2022/05/jbu-removebg-preview-e1652350675257-300x73.png 300w, https://coletteartsetmatieres.com/wp-content/uploads/2022/05/jbu-removebg-preview-e1652350675257-350x85.png 350w, https://coletteartsetmatieres.com/wp-content/uploads/2022/05/jbu-removebg-preview-e1652350675257.png 390w" sizes="(max-width: 300px) 100vw, 300px" /></p>
</div>
</div>

<!-- This site is optimized with the Yoast SEO plugin v19.8 - https://yoast.com/wordpress/plugins/seo/ -->
<title>Liège lichen - Colette Arts et Matières.</title>
<meta name="robots" content="index, follow, max-snippet:-1, max-image-preview:large, max-video-preview:-1" />
<link rel="canonical" href="https://coletteartsetmatieres.com/index.php/produit/liege-lichen/" />
<meta property="og:locale" content="fr_FR" />
<meta property="og:type" content="article" />
<meta property="og:title" content="Liège lichen - Colette Arts et Matières." />
<meta property="og:description" content="Ecorce de liège glanée: tout juste idéal pour créer une lampe d&#039;ambiance! Avec ou sans led à l&#039;intérieur du bois, cette sculpture sobre et naturelle accompagne notre bien-être en toute bienveillance. La matière noble du chêne liège et sa texture complexe forment un ensemble fascinant et chaleureux. Les fibres de lichen fixées dans les interstices apportent une nouvelle vie au bois mort. Une occasion unique d&#039;offrir ce genre de cadeau aux ados pour une approche sympathique vers la nature.  Photos / vidéos : Toutes nos images sont sans retouches. Il est toutefois difficile de restituer les véritables couleurs d&#039;un produit. Le rendu des couleurs peut également varier d&#039;un écran à l&#039;autre." />
<meta property="og:url" content="https://coletteartsetmatieres.com/index.php/produit/liege-lichen/" />
<meta property="og:site_name" content="Colette Arts et Matières." />
<meta property="article:modified_time" content="2022-06-06T12:24:11+00:00" />
<meta property="og:image" content="https://coletteartsetmatieres.com/wp-content/uploads/2022/05/Colette-55-scaled.jpg" />
	<meta property="og:image:width" content="1707" />
	<meta property="og:image:height" content="2560" />
	<meta property="og:image:type" content="image/jpeg" />
<meta name="twitter:card" content="summary_large_image" />
<script type="application/ld+json" class="yoast-schema-graph">{"@context":"https://schema.org","@graph":[{"@type":"WebPage","@id":"https://coletteartsetmatieres.com/index.php/produit/liege-lichen/","url":"https://coletteartsetmatieres.com/index.php/produit/liege-lichen/","name":"Liège lichen - Colette Arts et Matières.","isPartOf":{"@id":"https://coletteartsetmatieres.com/#website"},"datePublished":"2022-05-15T21:06:27+00:00","dateModified":"2022-06-06T12:24:11+00:00","breadcrumb":{"@id":"https://coletteartsetmatieres.com/index.php/produit/liege-lichen/#breadcrumb"},"inLanguage":"fr-FR","potentialAction":[{"@type":"ReadAction","target":["https://coletteartsetmatieres.com/index.php/produit/liege-lichen/"]}]},{"@type":"BreadcrumbList","@id":"https://coletteartsetmatieres.com/index.php/produit/liege-lichen/#breadcrumb","itemListElement":[{"@type":"ListItem","position":1,"name":"Accueil","item":"https://coletteartsetmatieres.com/"},{"@type":"ListItem","position":2,"name":"Liège lichen"}]},{"@type":"WebSite","@id":"https://coletteartsetmatieres.com/#website","url":"https://coletteartsetmatieres.com/","name":"Colette Arts et Matières.","description":"   L&#039;Art du Végétal et de la Fleur stables et durables","publisher":{"@id":"https://coletteartsetmatieres.com/#organization"},"potentialAction":[{"@type":"SearchAction","target":{"@type":"EntryPoint","urlTemplate":"https://coletteartsetmatieres.com/?s={search_term_string}"},"query-input":"required name=search_term_string"}],"inLanguage":"fr-FR"},{"@type":"Organization","@id":"https://coletteartsetmatieres.com/#organization","name":"Colette Arts et Matières.","url":"https://coletteartsetmatieres.com/","sameAs":[],"logo":{"@type":"ImageObject","inLanguage":"fr-FR","@id":"https://coletteartsetmatieres.com/#/schema/logo/image/","url":"https://coletteartsetmatieres.com/wp-content/uploads/2020/03/cropped-Coletteartsetmatieres_logotype-2.png","contentUrl":"https://coletteartsetmatieres.com/wp-content/uploads/2020/03/cropped-Coletteartsetmatieres_logotype-2.png","width":409,"height":250,"caption":"    Colette Arts et Matières. "},"image":{"@id":"https://coletteartsetmatieres.com/#/schema/logo/image/"}}]}</script>
<!-- / Yoast SEO plugin. -->

Liège lichen - Colette Arts et Matières.

Ecorce de liège glanée: tout juste idéal pour créer une lampe d'ambiance! Avec ou sans led à l'intérieur du bois, cette sculpture sobre et naturelle accompagne notre bien-être en toute bienveillance. La matière noble du chêne liège et sa texture complexe forment un ensemble fascinant et chaleureux. Les fibres de lichen fixées dans les interstices apportent une nouvelle vie au bois mort. Une occasion unique d'offrir ce genre de cadeau aux ados pour une approche sympathique vers la nature.  Photos / vidéos : Toutes nos images sont sans retouches. Il est toutefois difficile de restituer les véritables couleurs d'un produit. Le rendu des couleurs peut également varier d'un écran à l'autre.

Colette Arts et Matières.

L&#039;Art du Végétal et de la Fleur stables et durables
